



{"id":1845,"date":"2011-08-28T10:02:42","date_gmt":"2011-08-28T08:02:42","guid":{"rendered":"https:\/\/blog.zhdk.ch\/trans\/?page_id=1845"},"modified":"2013-04-08T18:49:58","modified_gmt":"2013-04-08T16:49:58","slug":"uber-uns-2","status":"publish","type":"page","link":"https:\/\/blog.zhdk.ch\/trans\/transdisziplinaritaet\/uber-uns-2\/","title":{"rendered":"\u00dcber uns"},"content":{"rendered":"<h6><\/h6>\n<p><a title=\"Z+ Plattform f\u00fcr Transdisiziplinarit\u00e4t\" href=\"http:\/\/www.zhdk.ch\/?zplus\" target=\"_blank\">Z+<\/a>\u00a0ist eine Plattform f\u00fcr Transdisziplinarit\u00e4t, die seit 2011 am Departement f\u00fcr\u00a0<a title=\"Kulturanalysen und Vermittlung\" href=\"http:\/\/www.zhdk.ch\/index.php?id=dept_dkv\" target=\"_blank\">Kulturanalysen und Vermittlung<\/a>\u00a0der Z\u00fcrcher Hochschule der K\u00fcnste (ZHdK) angegliedert ist. Z+\u00a0b\u00fcndelt, gestaltet und reflektiert die disziplinen\u00fcbergreifenden Aktivit\u00e4ten der ZHdK in Lehre, Forschung und Veranstaltungen und macht diese Aktivit\u00e4ten sowohl f\u00fcr die einzelnen Departemente der ZHdK als auch f\u00fcr eine externe \u00d6ffentlichkeit institutionell sichtbar und zug\u00e4nglich.<\/p>\n<p>Z+ besteht aus 4 Teilbereichen:<\/p>\n<ul>\n<li><a title=\"Z-Module\" href=\"http:\/\/z-module.zhdk.ch\/\" target=\"_blank\">Z-Module<\/a>: Die Z-Module umfassen das disziplinen\u00fcbergreifende Lehrangebot auf Bachelorstufe.<\/li>\n<li><a title=\"Master in Transdisziplinarit\u00e4t\" href=\"http:\/\/trans.zhdk.ch\/\" target=\"_blank\">Master in Transdisziplinarit\u00e4t<\/a>: Im MTR werden\u00a0Schnittstellen zwischen unterschiedlichen Disziplinen aus Kunst, Wissenschaft\u00a0und Gesellschaft\u00a0thematisiert.<\/li>\n<li><a title=\"Forschungsschwerpunkt Transdisziplinarit\u00e4t\" href=\"http:\/\/www.zhdk.ch\/index.php?id=16427\" target=\"_blank\">Forschungsschwerpunkt Transdisziplinarit\u00e4t<\/a>: Der Forschungsschwerpunkt\u00a0untersucht im wesentlichen transdisziplin\u00e4re Projekte und Produktionsweisen.<\/li>\n<li><a href=\"http:\/\/www.zhdk.ch\/index.php?id=18481\" target=\"_blank\">Agentur Z<\/a>: Die Agentur Z\u00a0programmiert und thematisiert Transdisziplinarit\u00e4t mittels verschiedenartigen Veranstaltungen (Podien, Foren, Tagungen).<\/li>\n<\/ul>\n<p>Die Programmierung der disziplinen\u00fcbergreifenden Aktivit\u00e4ten auf Z+ wird durch das <a title=\"Kuratorium\" href=\"http:\/\/www.zhdk.ch\/index.php?id=16819\" target=\"_blank\">Kuratorium Z+<\/a> gesteuert, dem VertreterInnen aller Departemente der ZHdK angeh\u00f6ren.<\/p>\n<p>Konzept:<br \/>\nVera Ryser<em> <\/em><br \/>\nLe-Wan Tran<em><\/em><br \/>\nAutorInnen:<br \/>\nVera Ryser<em> (vr)<\/em><br \/>\nBernadett Settele <em>(bs)<\/em><br \/>\nLe-Wan Tran <em>(lt)<\/em><\/p>\n","protected":false},"excerpt":{"rendered":"<p>Z+\u00a0ist eine Plattform f\u00fcr Transdisziplinarit\u00e4t, die seit 2011 am Departement f\u00fcr\u00a0Kulturanalysen und Vermittlung\u00a0der Z\u00fcrcher Hochschule der K\u00fcnste (ZHdK) angegliedert ist. Z+\u00a0b\u00fcndelt, gestaltet und reflektiert die disziplinen\u00fcbergreifenden Aktivit\u00e4ten der ZHdK in [&hellip;]<\/p>\n","protected":false},"author":737,"featured_media":0,"parent":1733,"menu_order":0,"comment_status":"open","ping_status":"closed","template":"","meta":{"footnotes":""},"class_list":["post-1845","page","type-page","status-publish","hentry"],"_links":{"self":[{"href":"https:\/\/blog.zhdk.ch\/trans\/wp-json\/wp\/v2\/pages\/1845","targetHints":{"allow":["GET"]}}],"collection":[{"href":"https:\/\/blog.zhdk.ch\/trans\/wp-json\/wp\/v2\/pages"}],"about":[{"href":"https:\/\/blog.zhdk.ch\/trans\/wp-json\/wp\/v2\/types\/page"}],"author":[{"embeddable":true,"href":"https:\/\/blog.zhdk.ch\/trans\/wp-json\/wp\/v2\/users\/737"}],"replies":[{"embeddable":true,"href":"https:\/\/blog.zhdk.ch\/trans\/wp-json\/wp\/v2\/comments?post=1845"}],"version-history":[{"count":42,"href":"https:\/\/blog.zhdk.ch\/trans\/wp-json\/wp\/v2\/pages\/1845\/revisions"}],"predecessor-version":[{"id":2918,"href":"https:\/\/blog.zhdk.ch\/trans\/wp-json\/wp\/v2\/pages\/1845\/revisions\/2918"}],"up":[{"embeddable":true,"href":"https:\/\/blog.zhdk.ch\/trans\/wp-json\/wp\/v2\/pages\/1733"}],"wp:attachment":[{"href":"https:\/\/blog.zhdk.ch\/trans\/wp-json\/wp\/v2\/media?parent=1845"}],"curies":[{"name":"wp","href":"https:\/\/api.w.org\/{rel}","templated":true}]}}