{"id":163,"date":"2019-06-26T11:39:32","date_gmt":"2019-06-26T09:39:32","guid":{"rendered":"https:\/\/blog.zhdk.ch\/vermittlungdesign\/?page_id=163"},"modified":"2019-06-26T12:21:11","modified_gmt":"2019-06-26T10:21:11","slug":"wir-vermitteln-design","status":"publish","type":"page","link":"https:\/\/blog.zhdk.ch\/vermittlungdesign\/","title":{"rendered":"Wir vermitteln Design"},"content":{"rendered":"\n<p>Im Bachelor Art Education der Z\u00fcrcher\nHochschule der K\u00fcnste werden Fachleute f\u00fcr Unterricht, Kurswesen und weitere\nLehr- und Vermittlungst\u00e4tigkeiten in den Bereichen Kunst, Gestaltung und Kultur\nausgebildet. Im 6.Semsester entwickeln die Studierenden in Kooperation mit\nunterschiedlichen Museen Vermittlungsprojekte.<\/p>\n\n\n\n<p>Die Vermittlungspraxis in Museen und Ausstellungen steht unter hohem Innovationsanspruch.&nbsp;Vermittlung ist mittlerweile allgegenw\u00e4rtig und versteht sich zunehmend auch als k\u00fcnstlerische und gestalterische Praxis.<br> Aus dieser Auseinandersetzung heraus besch\u00e4ftigen wir uns mit der Thematik von spezifischen Design-Ausstellungen. In Kooperation mit unterschiedlichen Museen werden erweiterte Formen und Auftritte von Vermittlung erarbeitet.&nbsp;Wir suchen nach ortsverbundenen M\u00f6glichkeiten, Design wahrzunehmen und dar\u00fcber zu sprechen. Wir entwickeln Vermittlungsformate aus der gestalterischen Praxis heraus und gehen dabei auf Menschen zu. Es werden gestalterisch gedachte Vermittlungsprojekte, Strategien und Formate f\u00fcr ganz unterschiedliche Zielgruppen konzipiert, entwickelt und umgesetzt.&nbsp;Wir praktizieren nicht prim\u00e4r im Ausstellungsraum, sondern ausserhalb und im \u00f6ffentlichen Raum.<\/p>\n\n\n\n<p>Leitung: Anna-Brigitte Schlittler, Eva\nWandeler<\/p>\n","protected":false},"excerpt":{"rendered":"<p>Im Bachelor Art Education der Z\u00fcrcher Hochschule der K\u00fcnste werden Fachleute f\u00fcr Unterricht, Kurswesen und weitere Lehr- und Vermittlungst\u00e4tigkeiten in den Bereichen Kunst, Gestaltung und Kultur ausgebildet. Im 6.Semsester entwickeln die Studierenden in Kooperation mit unterschiedlichen Museen Vermittlungsprojekte. Die Vermittlungspraxis in Museen und Ausstellungen steht unter hohem Innovationsanspruch.&nbsp;Vermittlung ist mittlerweile allgegenw\u00e4rtig und versteht sich zunehmend &hellip; <a href=\"https:\/\/blog.zhdk.ch\/vermittlungdesign\/\" class=\"more-link\"><span class=\"screen-reader-text\">\u201eWir vermitteln Design\u201c <\/span>weiterlesen<\/a><\/p>\n","protected":false},"author":223,"featured_media":0,"parent":0,"menu_order":0,"comment_status":"closed","ping_status":"closed","template":"","meta":{"footnotes":""},"class_list":["post-163","page","type-page","status-publish","hentry"],"_links":{"self":[{"href":"https:\/\/blog.zhdk.ch\/vermittlungdesign\/wp-json\/wp\/v2\/pages\/163","targetHints":{"allow":["GET"]}}],"collection":[{"href":"https:\/\/blog.zhdk.ch\/vermittlungdesign\/wp-json\/wp\/v2\/pages"}],"about":[{"href":"https:\/\/blog.zhdk.ch\/vermittlungdesign\/wp-json\/wp\/v2\/types\/page"}],"author":[{"embeddable":true,"href":"https:\/\/blog.zhdk.ch\/vermittlungdesign\/wp-json\/wp\/v2\/users\/223"}],"replies":[{"embeddable":true,"href":"https:\/\/blog.zhdk.ch\/vermittlungdesign\/wp-json\/wp\/v2\/comments?post=163"}],"version-history":[{"count":6,"href":"https:\/\/blog.zhdk.ch\/vermittlungdesign\/wp-json\/wp\/v2\/pages\/163\/revisions"}],"predecessor-version":[{"id":183,"href":"https:\/\/blog.zhdk.ch\/vermittlungdesign\/wp-json\/wp\/v2\/pages\/163\/revisions\/183"}],"wp:attachment":[{"href":"https:\/\/blog.zhdk.ch\/vermittlungdesign\/wp-json\/wp\/v2\/media?parent=163"}],"curies":[{"name":"wp","href":"https:\/\/api.w.org\/{rel}","templated":true}]}}