{"id":289,"date":"2012-09-28T13:24:09","date_gmt":"2012-09-28T12:24:09","guid":{"rendered":"https:\/\/blog.zhdk.ch\/visdom\/?page_id=289"},"modified":"2016-10-14T13:09:01","modified_gmt":"2016-10-14T12:09:01","slug":"bildarchive","status":"publish","type":"page","link":"https:\/\/blog.zhdk.ch\/visdom\/bildarchive\/","title":{"rendered":"Bildarchive"},"content":{"rendered":"<address>\u00a0<\/address>\n<address><strong><em>Die Linksammlung befindet sich im Aufbau, nicht alle Links sind kontrolliert. <\/em><\/strong><\/address>\n<address>\u00a0<\/address>\n<h4>Allgemein<\/h4>\n<p><a href=\"http:\/\/www.sammlungen.hu-berlin.de\"><strong>http:\/\/www.sammlungen.hu-berlin.de<\/strong><\/a> Katalog der wissenschaftlichen Sammlungen der Humboldt-Universit\u00e4t zu Berlin (Pilotprojekt). Tolle Bilder und Fotos von Pr\u00e4paraten aus verschiedenen Sammlungen<\/p>\n<p><a href=\"http:\/\/prometheus.uni-koeln.de\"><strong>http:\/\/prometheus.uni-koeln.de<\/strong><\/a> Funktioniert mit ZHdK-Zugang, deutsche Suche (im Gegensatz zu artstor), Kunst, Kultur, Geschichte.<\/p>\n<p><a href=\"http:\/\/www.sciencephoto.com\"><strong>http:\/\/www.sciencephoto.com<\/strong><\/a> Wissenschaftsbilddatenbank, v.a. fotos und bildgebende Verfahren, aber auch Videos und vereinzelt Illustration.<\/p>\n<p><strong><a href=\"http:\/\/www.nyc.gov\/html\/records\/html\/gallery\/home.shtml\">http:\/\/www.nyc.gov\/html\/records\/html\/gallery\/home.shtml<\/a><\/strong> NYC MUNICIPAL ARCHIVES GALLERY. Nicht wissenschaftlich, aber spannende historische Bilder.<\/p>\n<p><strong><a href=\"http:\/\/scientificillustration.tumblr.com\/\">http:\/\/scientificillustration.tumblr.com\/<\/a><\/strong>\u00a0Riesiges Archiv mit wissenschaftlichen Illustrationen unterschiedlichster Qualit\u00e4t. Enth\u00e4lt eine (etwas versteckte) Suchfunktion die zu JEDEM Thema etwas bereith\u00e4lt.<\/p>\n<p><strong><a href=\"http:\/\/www.klosterarchiv.ch\/e-archiv_bildarchiv.php\">http:\/\/www.klosterarchiv.ch\/e-archiv_bildarchiv.php<\/a>\u00a0<\/strong>Sch\u00f6nes Archiv von Fotos und Scans aus dem Kloster Einsiedeln.<\/p>\n<p>&nbsp;<\/p>\n<h4>Zoologie \/ Botanik<\/h4>\n<p><a href=\"http:\/\/www.collection-robert.ch\/index.php\"><strong>http:\/\/www.collection-robert.ch\/index.php<\/strong><\/a> Sammlung Robert; V\u00f6gel, Insekten; Biotope<\/p>\n<p><a href=\"http:\/\/www.arkive.org\"><strong>http:\/\/www.arkive.org<\/strong><\/a> Tierfotografie und -videos.<\/p>\n<p><strong><a href=\"http:\/\/www.flickr.com\/photos\/biodivlibrary\/\">http:\/\/www.flickr.com\/photos\/biodivlibrary\/<\/a><\/strong>\u00a0Sehr komplette und qualitativ hochstehende Sammlung an gescannten Tier- und Pflanzendarstellungen<\/p>\n<p><a href=\"http:\/\/plants.jstor.org\"><strong>http:\/\/plants.jstor.org<\/strong><\/a>\u00a0Botanische Bilddatenbank. Wirkt ziemlich spezialisiert (lateinische Namen).<\/p>\n<h4><\/h4>\n<h4>Anatomie<\/h4>\n<p><strong><a href=\"http:\/\/www.nlm.nih.gov\/exhibition\/historicalanatomies\/home.html\">http:\/\/www.nlm.nih.gov\/exhibition\/historicalanatomies\/home.html<\/a> <\/strong>Historische Anatomieb\u00fccher, hochaufgel\u00f6st.<\/p>\n<p><a href=\"https:\/\/www.imaios.com\/\">https:\/\/www.imaios.com\/<\/a>de \u00dcbersicht zu diversen Anatomie\u2013 und Medizin\u2013Apps. Unter anderem online Schnitte durch den <a href=\"https:\/\/www.imaios.com\/de\/e-Anatomy\/Thorax-Abdomen-Pelvis\/Visible-Human-Project\">menschlichen K\u00f6rper<\/a>.<\/p>\n<p>&nbsp;<\/p>\n<h4>Molekularebene<\/h4>\n<p><a href=\"http:\/\/www.molecularmovies.com\/showcase\/\">http:\/\/www.molecularmovies.com\/showcase\/<\/a> Portal mit Videos zu Zell- und Mikrobiologie.<\/p>\n<p>&nbsp;<\/p>\n<h4>Kunst<\/h4>\n<p><a title=\"artstor\" href=\"http:\/\/www.artstor.org\/index.shtml\"><strong>http:\/\/www.artstor.org\/index.shtml<\/strong><\/a> Bilddatenbank mit ausf\u00fchrlicher Suchfunktion. Viel Kunsthandwerk.<\/p>\n<p><a href=\"http:\/\/www.moma.org\/collection\/search.php\"><strong>http:\/\/www.moma.org\/collection\/search.php<\/strong><\/a> Museum of Modern Art in New York, \u00fcber 40&#8217;000 Kunstwerke online.<\/p>\n<p><a href=\"http:\/\/hint.fm\"><strong>http:\/\/hint.fm<\/strong><\/a> Fernanda Vi\u00e9gas and Martin Wattenberg lead Google&#8217;s &#8222;Big Picture&#8220; visualization research group in Cambridge, Massachusetts. Artistic resarch und Datenvisualisierung. Keine Datenbank, eher Inspiration.<\/p>\n<p><strong><br \/>\n<\/strong><\/p>\n<p><strong>3D-Modelle<\/strong><\/p>\n<p><a href=\"https:\/\/sketchfab.com\">https:\/\/sketchfab.com<\/a> Enorme Datenbank mit \u00fcber 1 Million 3D-Modellen. Einige davon kann man runterladen, anderes nur online studieren. Funktioniert auf allen Plattformen, inklusive Virtual Reality.<\/p>\n","protected":false},"excerpt":{"rendered":"<p>\u00a0 Die Linksammlung befindet sich im Aufbau, nicht alle Links sind kontrolliert. \u00a0 Allgemein http:\/\/www.sammlungen.hu-berlin.de Katalog der wissenschaftlichen Sammlungen der Humboldt-Universit\u00e4t zu Berlin (Pilotprojekt). Tolle Bilder und Fotos von Pr\u00e4paraten aus verschiedenen Sammlungen http:\/\/prometheus.uni-koeln.de Funktioniert mit ZHdK-Zugang, deutsche Suche (im Gegensatz zu artstor), Kunst, Kultur, Geschichte. http:\/\/www.sciencephoto.com Wissenschaftsbilddatenbank, v.a. fotos und bildgebende Verfahren, aber auch [&hellip;]<\/p>\n","protected":false},"author":943,"featured_media":0,"parent":0,"menu_order":0,"comment_status":"open","ping_status":"open","template":"","meta":{"footnotes":""},"class_list":["post-289","page","type-page","status-publish","hentry"],"_links":{"self":[{"href":"https:\/\/blog.zhdk.ch\/visdom\/wp-json\/wp\/v2\/pages\/289","targetHints":{"allow":["GET"]}}],"collection":[{"href":"https:\/\/blog.zhdk.ch\/visdom\/wp-json\/wp\/v2\/pages"}],"about":[{"href":"https:\/\/blog.zhdk.ch\/visdom\/wp-json\/wp\/v2\/types\/page"}],"author":[{"embeddable":true,"href":"https:\/\/blog.zhdk.ch\/visdom\/wp-json\/wp\/v2\/users\/943"}],"replies":[{"embeddable":true,"href":"https:\/\/blog.zhdk.ch\/visdom\/wp-json\/wp\/v2\/comments?post=289"}],"version-history":[{"count":28,"href":"https:\/\/blog.zhdk.ch\/visdom\/wp-json\/wp\/v2\/pages\/289\/revisions"}],"predecessor-version":[{"id":1613,"href":"https:\/\/blog.zhdk.ch\/visdom\/wp-json\/wp\/v2\/pages\/289\/revisions\/1613"}],"wp:attachment":[{"href":"https:\/\/blog.zhdk.ch\/visdom\/wp-json\/wp\/v2\/media?parent=289"}],"curies":[{"name":"wp","href":"https:\/\/api.w.org\/{rel}","templated":true}]}}