{"id":5653,"date":"2018-08-21T14:54:57","date_gmt":"2018-08-21T12:54:57","guid":{"rendered":"https:\/\/blog.zhdk.ch\/windkanal\/?page_id=5653"},"modified":"2020-01-28T10:54:45","modified_gmt":"2020-01-28T09:54:45","slug":"about","status":"publish","type":"page","link":"https:\/\/blog.zhdk.ch\/windkanal\/about\/","title":{"rendered":"About"},"content":{"rendered":"<p>Ein Windkanal ist Ort der Formfindung, des Experiments und der Erkenntnisgewinnung. Ohne ihn w\u00fcrden heute weder Autos so schnell fahren noch Flugzeuge so hoch fliegen k\u00f6nnen. Doch was passiert, wenn anstelle der Fahr- und Flugzeugversuche ein k\u00fcnstlerisches Experimentierfeld er\u00f6ffnet wird?<br \/>\nWas passiert, wenn statt hoher, niedrige Windgeschwindigkeiten angestrebt werden, wenn statt lauter Motoren nur leise zum Einsatz kommen? Was findet sich, wenn man die Geschichte der Windkan\u00e4le von vor 105 Jahren noch einmal unter entgegengesetzten Kriterien betrachtet?<\/p>\n<p>Die drei Forschungsprojekte \u00abModulus\u00bb (2012), \u00abSize Matters \u2013 Zur Ma\u00dfst\u00e4blichkeit der Modelle\u00bb (2013\u20132016) und \u00abLuftbilder\/Lichtbilder. Bewegtbild und Kamera als Skalierungs- und Analyseinstrument\u00bb (2017\u20132021) besch\u00e4ftigen sich mit diesen und damit einhergehenden Fragen. Dabei steht jedoch weniger die aerodynamische Akkuratesse, als vielmehr das Ausloten der Anlage als k\u00fcnstlerisches Labor und als Metaphernmaschine im Vordergrund.<br \/>\nDieser Blog begleitet Bau und Entstehung des Windkanals, als auch die darin und dadurch gewonnenen Experimente und Ergebnisse.<\/p>\n<p>&nbsp;<\/p>\n<p>Idee und Konzept: Florian Dombois<br \/>\nDesign und Ausf\u00fchrung: Kaspar K\u00f6nig, Fabian Gutscher<br \/>\nTeam: Michael G\u00fcnzburger, Jiaxi Han, Christoph Oeschger, Mario Schulze, Nadine St\u00e4dler, Mirjam Steiner, Sarine Waltensp\u00fcl, Julia Weber<br \/>\nWeitere und Ehemalige: Haseeb Ahmed, Sibylle Boppart, Martin Burr, Julie Harboe, Reinhard Wendler<\/p>\n<p>In Zusammenarbeit u.a. mit der ETH und Empa Z\u00fcrich, Uniarts Helsinki, Lichtspiel Bern, Von-Karman-Institute for Fluid Dynamics Br\u00fcssel und dem M.I.T. Cambridge.<\/p>\n","protected":false},"excerpt":{"rendered":"<p>Ein Windkanal ist Ort der Formfindung, des Experiments und der Erkenntnisgewinnung. Ohne ihn w\u00fcrden heute weder Autos so schnell fahren noch Flugzeuge so hoch fliegen&#8230;<\/p>\n<div class=\"more-link-wrapper\"><a class=\"more-link\" href=\"https:\/\/blog.zhdk.ch\/windkanal\/about\/\">Weiter lesen &#8230;<span class=\"screen-reader-text\">About<\/span><\/a><\/div>\n","protected":false},"author":3903,"featured_media":0,"parent":0,"menu_order":0,"comment_status":"closed","ping_status":"closed","template":"","meta":{"ngg_post_thumbnail":0,"footnotes":""},"class_list":["post-5653","page","type-page","status-publish","hentry","entry"],"_links":{"self":[{"href":"https:\/\/blog.zhdk.ch\/windkanal\/wp-json\/wp\/v2\/pages\/5653","targetHints":{"allow":["GET"]}}],"collection":[{"href":"https:\/\/blog.zhdk.ch\/windkanal\/wp-json\/wp\/v2\/pages"}],"about":[{"href":"https:\/\/blog.zhdk.ch\/windkanal\/wp-json\/wp\/v2\/types\/page"}],"author":[{"embeddable":true,"href":"https:\/\/blog.zhdk.ch\/windkanal\/wp-json\/wp\/v2\/users\/3903"}],"replies":[{"embeddable":true,"href":"https:\/\/blog.zhdk.ch\/windkanal\/wp-json\/wp\/v2\/comments?post=5653"}],"version-history":[{"count":6,"href":"https:\/\/blog.zhdk.ch\/windkanal\/wp-json\/wp\/v2\/pages\/5653\/revisions"}],"predecessor-version":[{"id":6972,"href":"https:\/\/blog.zhdk.ch\/windkanal\/wp-json\/wp\/v2\/pages\/5653\/revisions\/6972"}],"wp:attachment":[{"href":"https:\/\/blog.zhdk.ch\/windkanal\/wp-json\/wp\/v2\/media?parent=5653"}],"curies":[{"name":"wp","href":"https:\/\/api.w.org\/{rel}","templated":true}]}}