{"id":250,"date":"2018-10-02T14:43:26","date_gmt":"2018-10-02T14:43:26","guid":{"rendered":"https:\/\/blog.zhdk.ch\/wordpress\/?page_id=250"},"modified":"2023-11-20T20:46:24","modified_gmt":"2023-11-20T19:46:24","slug":"7-menues-und-anker","status":"publish","type":"page","link":"https:\/\/blog.zhdk.ch\/wordpress\/7-menues-und-anker\/","title":{"rendered":"7 &#8211; Men\u00fcs"},"content":{"rendered":"\n<h4 class=\"wp-block-heading\" id=\"menu\"><strong>Design -&gt; Men\u00fc (auch Untermen\u00fcs m\u00f6glich!)<\/strong><\/h4>\n\n\n\n<p class=\"has-medium-pink-color has-text-color has-link-color wp-elements-22a1b02220179e66cb1bd29e08089b5e\"><strong>Block &#8211; Themes funktionieren anders!<\/strong><\/p>\n\n\n\n<p>In den meisten Themes hat man ein prim\u00e4res Men\u00fc und ein sekund\u00e4res Men\u00fc. Das prim\u00e4re Men\u00fc zu oberst (meistens), das sekund\u00e4re Men\u00fc (oft f\u00fcr Social Media) wird ganz zu unterst angezeigt.<\/p>\n\n\n\n<p>Wie kann ich ein <strong>Submenu erstellen<\/strong>, zum Beispiel Fotos und Videos unter Media (Media existiert aber nicht, bzw. hat kein Inhalt)?<\/p>\n\n\n<div class=\"wp-block-image\">\n<figure class=\"aligncenter size-large\"><img loading=\"lazy\" decoding=\"async\" width=\"476\" height=\"1024\" src=\"https:\/\/blog.zhdk.ch\/wordpress\/files\/2021\/10\/Bildschirmfoto-2021-10-19-um-13.37.22-476x1024.png\" alt=\"\" class=\"wp-image-2920\" srcset=\"https:\/\/blog.zhdk.ch\/wordpress\/files\/2021\/10\/Bildschirmfoto-2021-10-19-um-13.37.22-476x1024.png 476w, https:\/\/blog.zhdk.ch\/wordpress\/files\/2021\/10\/Bildschirmfoto-2021-10-19-um-13.37.22-139x300.png 139w, https:\/\/blog.zhdk.ch\/wordpress\/files\/2021\/10\/Bildschirmfoto-2021-10-19-um-13.37.22.png 606w\" sizes=\"auto, (max-width: 476px) 100vw, 476px\" \/><\/figure>\n<\/div>\n\n\n<p><strong>Beim MULTILANGUAGE Pages<\/strong> -&gt; Wird ein Primary-Men\u00fc in Language A, nochmals eine in Language B und nochmals eine in Language C und swt&#8230; <\/p>\n\n\n\n<p class=\"has-medium-pink-color has-text-color\">WICHTIG!<br>Beachten die Men\u00fc Einstellungen und wo das Men\u00fc angezeigt werden sollte<\/p>\n\n\n\n<figure class=\"wp-block-image size-full is-resized\"><img loading=\"lazy\" decoding=\"async\" width=\"2794\" height=\"268\" src=\"https:\/\/blog.zhdk.ch\/wordpress\/files\/2021\/10\/Bildschirmfoto-2021-10-19-um-13.41.20.png\" alt=\"\" class=\"wp-image-2922\" style=\"aspect-ratio:10.415384615384616;width:1364px;height:auto\" srcset=\"https:\/\/blog.zhdk.ch\/wordpress\/files\/2021\/10\/Bildschirmfoto-2021-10-19-um-13.41.20.png 2794w, https:\/\/blog.zhdk.ch\/wordpress\/files\/2021\/10\/Bildschirmfoto-2021-10-19-um-13.41.20-300x29.png 300w, https:\/\/blog.zhdk.ch\/wordpress\/files\/2021\/10\/Bildschirmfoto-2021-10-19-um-13.41.20-1024x98.png 1024w, https:\/\/blog.zhdk.ch\/wordpress\/files\/2021\/10\/Bildschirmfoto-2021-10-19-um-13.41.20-768x74.png 768w, https:\/\/blog.zhdk.ch\/wordpress\/files\/2021\/10\/Bildschirmfoto-2021-10-19-um-13.41.20-1536x147.png 1536w, https:\/\/blog.zhdk.ch\/wordpress\/files\/2021\/10\/Bildschirmfoto-2021-10-19-um-13.41.20-2048x196.png 2048w\" sizes=\"auto, (max-width: 2794px) 100vw, 2794px\" \/><\/figure>\n\n\n\n<p><strong>Men\u00fcs kann man aber auch in einem Widget darstellen<\/strong>. \u00a0Zum Beispiel f\u00fcr die Seitenleiste oder f\u00fcr den Footer.\u00a0<br><span style=\"color: #ff0000\">Je nach Theme gibts verschiedene Widget-Regionen!<\/span><\/p>\n","protected":false},"excerpt":{"rendered":"<p>Design -&gt; Men\u00fc (auch Untermen\u00fcs m\u00f6glich!) Block &#8211; Themes funktionieren anders! In den meisten Themes hat man ein prim\u00e4res Men\u00fc und ein sekund\u00e4res Men\u00fc. Das prim\u00e4re Men\u00fc zu oberst (meistens), das sekund\u00e4re Men\u00fc (oft f\u00fcr Social Media) wird ganz zu unterst angezeigt. Wie kann ich ein Submenu erstellen, zum Beispiel Fotos und Videos unter Media &hellip; <a href=\"https:\/\/blog.zhdk.ch\/wordpress\/7-menues-und-anker\/\" class=\"more-link\"><span class=\"screen-reader-text\">7 &#8211; Men\u00fcs<\/span> weiterlesen<\/a><\/p>\n","protected":false},"author":4030,"featured_media":0,"parent":0,"menu_order":0,"comment_status":"closed","ping_status":"closed","template":"","meta":{"ngg_post_thumbnail":0,"footnotes":""},"class_list":["post-250","page","type-page","status-publish","hentry"],"_links":{"self":[{"href":"https:\/\/blog.zhdk.ch\/wordpress\/wp-json\/wp\/v2\/pages\/250","targetHints":{"allow":["GET"]}}],"collection":[{"href":"https:\/\/blog.zhdk.ch\/wordpress\/wp-json\/wp\/v2\/pages"}],"about":[{"href":"https:\/\/blog.zhdk.ch\/wordpress\/wp-json\/wp\/v2\/types\/page"}],"author":[{"embeddable":true,"href":"https:\/\/blog.zhdk.ch\/wordpress\/wp-json\/wp\/v2\/users\/4030"}],"replies":[{"embeddable":true,"href":"https:\/\/blog.zhdk.ch\/wordpress\/wp-json\/wp\/v2\/comments?post=250"}],"version-history":[{"count":11,"href":"https:\/\/blog.zhdk.ch\/wordpress\/wp-json\/wp\/v2\/pages\/250\/revisions"}],"predecessor-version":[{"id":4578,"href":"https:\/\/blog.zhdk.ch\/wordpress\/wp-json\/wp\/v2\/pages\/250\/revisions\/4578"}],"wp:attachment":[{"href":"https:\/\/blog.zhdk.ch\/wordpress\/wp-json\/wp\/v2\/media?parent=250"}],"curies":[{"name":"wp","href":"https:\/\/api.w.org\/{rel}","templated":true}]}}