{"id":366,"date":"2018-10-02T15:26:26","date_gmt":"2018-10-02T15:26:26","guid":{"rendered":"https:\/\/blog.zhdk.ch\/wordpress\/?page_id=366"},"modified":"2021-10-19T09:53:38","modified_gmt":"2021-10-19T09:53:38","slug":"3-1-web-elemente","status":"publish","type":"page","link":"https:\/\/blog.zhdk.ch\/wordpress\/3-design\/3-1-web-elemente\/","title":{"rendered":"3.1 Web Elemente"},"content":{"rendered":"<div class=\"page\" title=\"Page 2\">\n<div class=\"section\">\n<h3>WEB ELEMENTE<\/h3>\n<p>Denke daran: Eine moderne Homepage besteht meistens aus folgenden Elementen:<\/p>\n<p><span style=\"color: #ff0000\"><strong>HTML<\/strong><\/span>: Hier stehen die Texte, die Links (zu Medien oder anderen Web-Inhalten) und die Basisformatierungen. Z.B.: &lt;h1&gt;Titel&lt;\/h1&gt;<br>Das h1-Tag bestimmt, dass das Wort \u201eTitel\u201c sehr wichtig ist (wird auch meistens sehr gross geschrieben.<\/p>\n<p><span style=\"color: #ff0000\"><strong>CSS<\/strong><\/span>: mittels CSS wird das Design bestimmt, also das Layout, die Schriftarten, die Gr\u00f6sse von Elementen, die Farben von Elementen und vieles mehr.<\/p>\n<p><span style=\"color: #ff0000\"><strong>PHP und JavaScript<\/strong><\/span> sind die Script-Sprachen, welche automatische oder interaktive Inhalte f\u00fcr die Homepage generieren k\u00f6nnen. Z.B. WordPress basiert im Wesentlichen auf PHP. Dank PHP und JavaScript entstehen die Men\u00fcs, das grobe Layout der Elemente, die Widgets, die Bilder-Galerien etc.<\/p>\n<p><span style=\"color: #ff0000\"><strong>MySQL<\/strong><\/span> ist die Datenbank, in welcher Inhalte auf dem Server gespeichert werden. WordPress benutzt MySQL z.B. um all die Inhalte, die man erstellt, zu speichern -&gt; vgl.&nbsp;<a href=\"https:\/\/en.wikipedia.org\/wiki\/WordPress\" target=\"_blank\" rel=\"noopener noreferrer\">https:\/\/en.wikipedia.org\/wiki\/WordPress<\/a><\/p>\n<\/div>\n<\/div>\n<p><code><\/code><\/p>\n\n\n<hr class=\"wp-block-separator\" \/>\n\n\n\n<h3 class=\"wp-block-heading\">STRUKTUR<\/h3>\n\n\n\n<p>Body {<\/p>\n\n\n<p>(Topbar) &#8211; immer gleich<\/p>\n<p>Header &#8211; immer gleich<\/p>\n<p style=\"padding-left: 40px\">Men\u00fc &#8211; immer gleich<\/p>\n<p>(Breadcrumbs) &#8211; immer gleich<\/p>\n<p>CONTENT &#8211; HAUPTINHALT<\/p>\n<p>&lt;main&gt;&lt;section&gt;&lt;div&gt;<br>&lt;\/div&gt;&lt;\/section&gt;&lt;\/main&gt;<\/p>\n<p>(sidebar)<\/p>\n<p>Footer<\/p>\n\n\n<p class=\"has-text-align-center\">}<\/p>\n\n\n\n<h2 class=\"wp-block-heading\">Good to Know<\/h2>\n\n\n\n<p><strong>Container&nbsp;<\/strong>&#8211;&nbsp;&nbsp;Einen bestimmten Bereich (<strong>Attributes (class, ID, CSS..), Layout, Design)<\/strong><\/p>\n\n\n\n<p><strong>Zeilen &#8211;&nbsp;<\/strong>Mit verschiedenen <strong>Row-Attributes (class, ID, CSS..), Layout, Design<\/strong><br><strong>Spalten<\/strong> &#8211; z.B 1 Spalte \u00e0 100%, 2 Spalten \u00e0 50%50% oder 25%75%&#8230;<\/p>\n\n\n\n<p><strong>Margin vs. Padding<\/strong><\/p>\n\n\n\n<figure class=\"wp-block-image\"><img loading=\"lazy\" decoding=\"async\" width=\"300\" height=\"162\" src=\"https:\/\/blog.zhdk.ch\/wordpress\/files\/2018\/10\/PeSIJ-300x162.gif\" alt=\"\" class=\"wp-image-616\" \/><\/figure>\n","protected":false},"excerpt":{"rendered":"<p>WEB ELEMENTE Denke daran: Eine moderne Homepage besteht meistens aus folgenden Elementen: HTML: Hier stehen die Texte, die Links (zu Medien oder anderen Web-Inhalten) und die Basisformatierungen. Z.B.: &lt;h1&gt;Titel&lt;\/h1&gt;Das h1-Tag bestimmt, dass das Wort \u201eTitel\u201c sehr wichtig ist (wird auch meistens sehr gross geschrieben. CSS: mittels CSS wird das Design bestimmt, also das Layout, die &hellip; <a href=\"https:\/\/blog.zhdk.ch\/wordpress\/3-design\/3-1-web-elemente\/\" class=\"more-link\"><span class=\"screen-reader-text\">3.1 Web Elemente<\/span> weiterlesen<\/a><\/p>\n","protected":false},"author":4030,"featured_media":0,"parent":96,"menu_order":0,"comment_status":"closed","ping_status":"closed","template":"","meta":{"ngg_post_thumbnail":0,"footnotes":""},"class_list":["post-366","page","type-page","status-publish","hentry"],"_links":{"self":[{"href":"https:\/\/blog.zhdk.ch\/wordpress\/wp-json\/wp\/v2\/pages\/366","targetHints":{"allow":["GET"]}}],"collection":[{"href":"https:\/\/blog.zhdk.ch\/wordpress\/wp-json\/wp\/v2\/pages"}],"about":[{"href":"https:\/\/blog.zhdk.ch\/wordpress\/wp-json\/wp\/v2\/types\/page"}],"author":[{"embeddable":true,"href":"https:\/\/blog.zhdk.ch\/wordpress\/wp-json\/wp\/v2\/users\/4030"}],"replies":[{"embeddable":true,"href":"https:\/\/blog.zhdk.ch\/wordpress\/wp-json\/wp\/v2\/comments?post=366"}],"version-history":[{"count":12,"href":"https:\/\/blog.zhdk.ch\/wordpress\/wp-json\/wp\/v2\/pages\/366\/revisions"}],"predecessor-version":[{"id":2764,"href":"https:\/\/blog.zhdk.ch\/wordpress\/wp-json\/wp\/v2\/pages\/366\/revisions\/2764"}],"up":[{"embeddable":true,"href":"https:\/\/blog.zhdk.ch\/wordpress\/wp-json\/wp\/v2\/pages\/96"}],"wp:attachment":[{"href":"https:\/\/blog.zhdk.ch\/wordpress\/wp-json\/wp\/v2\/media?parent=366"}],"curies":[{"name":"wp","href":"https:\/\/api.w.org\/{rel}","templated":true}]}}