{"id":113,"date":"2017-06-06T09:19:02","date_gmt":"2017-06-06T07:19:02","guid":{"rendered":"https:\/\/blog.zhdk.ch\/cweckema\/?page_id=113"},"modified":"2019-06-06T14:55:08","modified_gmt":"2019-06-06T12:55:08","slug":"zdok-2018","status":"publish","type":"page","link":"https:\/\/blog.zhdk.ch\/zdok\/zdok-2018\/","title":{"rendered":"ZDOK.18"},"content":{"rendered":"<h4>Ein Axiom des Genres lautet: Der Dokumentarfilm entsteht im Schneideraum. Anders als beim Spielfilm wird die Geschichte meist erst hier erarbeitet. Hier fallen die Entscheidungen \u00fcber r\u00e4umliche und zeitliche Kontinuit\u00e4t, Kausalit\u00e4t, Handlungsaufbau, Logik und Rhythmus.\u00a0Hier werden rhetorische, poetische und dramatische B\u00f6gen gebaut. Die Empathie gegen\u00fcber Protagonisten, das Eintauchen in eine Erz\u00e4hlung und das emotionale Miterleben filmischer Ereignisse werden so erst m\u00f6glich.<\/h4>\n<pre><strong>ZDOK.18<\/strong> fand am 22.\/23. M\u00e4rz 2018 statt.<\/pre>\n<p>Ein ausf\u00fchrlicher Bericht zu ZDOK.18 von Friederike Anders findet sich auf der <a href=\"https:\/\/www.agdok.de\/de_DE\/dokumentarfilmtagung-zdok-18\">Webseite der AG DOK<\/a>.<\/p>\n<hr \/>\n<figure id=\"attachment_6675\" aria-describedby=\"caption-attachment-6675\" style=\"width: 300px\" class=\"wp-caption alignnone\"><img loading=\"lazy\" decoding=\"async\" class=\"wp-image-6675 size-medium\" src=\"https:\/\/blog.zhdk.ch\/zdok\/files\/2018\/04\/ZDOK18_3-300x169.jpg\" alt=\"\" width=\"300\" height=\"169\" srcset=\"https:\/\/blog.zhdk.ch\/zdok\/files\/2018\/04\/ZDOK18_3-300x169.jpg 300w, https:\/\/blog.zhdk.ch\/zdok\/files\/2018\/04\/ZDOK18_3-768x432.jpg 768w, https:\/\/blog.zhdk.ch\/zdok\/files\/2018\/04\/ZDOK18_3-1240x698.jpg 1240w\" sizes=\"auto, (max-width: 300px) 100vw, 300px\" \/><figcaption id=\"caption-attachment-6675\" class=\"wp-caption-text\">Christian Iseli<\/figcaption><\/figure>\n<h2>Montage im Dokumentarfilm<\/h2>\n<p>Im Einf\u00fchrungsreferat wurden aus praxisorientierter Perspektive grundlegende Gestaltungsoptionen der dokumentarischen Montagearbeit definiert.<\/p>\n<p><a href=\"https:\/\/blog.zhdk.ch\/zdok\/2018\/diskussion-ueber-die-montage-von-untitled\/\">Video<\/a>\u00a0\u0399 <a href=\"https:\/\/blog.zhdk.ch\/zdok\/2017\/christian-iseli\/\">Christian Iseli\u00a0<\/a><\/p>\n<hr \/>\n<figure id=\"attachment_6467\" aria-describedby=\"caption-attachment-6467\" style=\"width: 300px\" class=\"wp-caption alignnone\"><img loading=\"lazy\" decoding=\"async\" class=\"wp-image-6467 size-medium\" src=\"https:\/\/blog.zhdk.ch\/zdok\/files\/2018\/04\/Bildschirmfoto-2018-04-05-um-18.01.49-300x187.png\" alt=\"\" width=\"300\" height=\"187\" srcset=\"https:\/\/blog.zhdk.ch\/zdok\/files\/2018\/04\/Bildschirmfoto-2018-04-05-um-18.01.49-300x187.png 300w, https:\/\/blog.zhdk.ch\/zdok\/files\/2018\/04\/Bildschirmfoto-2018-04-05-um-18.01.49-768x479.png 768w, https:\/\/blog.zhdk.ch\/zdok\/files\/2018\/04\/Bildschirmfoto-2018-04-05-um-18.01.49.png 936w\" sizes=\"auto, (max-width: 300px) 100vw, 300px\" \/><figcaption id=\"caption-attachment-6467\" class=\"wp-caption-text\">Tim J. Smith<\/figcaption><\/figure>\n<h2>Kognitive Grundlagen des Kontinuit\u00e4tsschnitts<\/h2>\n<p>Filmmakers tell stories by selecting and emphasizing key details of an audiovisual scene through editing, cinematography and sound design. Such edited film sequences instantaneously transport the viewer through space and time in ways that are physically impossible and, due to their divergence from reality should pose problems for viewer comprehension.<\/p>\n<p><a href=\"https:\/\/blog.zhdk.ch\/zdok\/2018\/exploring-the-cognitive-foundations-of-cinematic-continuity-2\/\">Video<\/a>\u00a0\u0399 <a href=\"https:\/\/blog.zhdk.ch\/zdok\/2018\/tim-smith\/\">Tim J. Smith<\/a><\/p>\n<hr \/>\n<figure id=\"attachment_6681\" aria-describedby=\"caption-attachment-6681\" style=\"width: 300px\" class=\"wp-caption alignleft\"><img loading=\"lazy\" decoding=\"async\" class=\"wp-image-6681 size-medium\" src=\"https:\/\/blog.zhdk.ch\/zdok\/files\/2018\/04\/kaya_sm-300x173.jpg\" alt=\"\" width=\"300\" height=\"173\" srcset=\"https:\/\/blog.zhdk.ch\/zdok\/files\/2018\/04\/kaya_sm-300x173.jpg 300w, https:\/\/blog.zhdk.ch\/zdok\/files\/2018\/04\/kaya_sm-768x444.jpg 768w, https:\/\/blog.zhdk.ch\/zdok\/files\/2018\/04\/kaya_sm.jpg 948w\" sizes=\"auto, (max-width: 300px) 100vw, 300px\" \/><figcaption id=\"caption-attachment-6681\" class=\"wp-caption-text\">Kaya Inan<\/figcaption><\/figure>\n<p>&nbsp;<\/p>\n<p>&nbsp;<\/p>\n<p>&nbsp;<\/p>\n<p>&nbsp;<\/p>\n<p>&nbsp;<\/p>\n<p>&nbsp;<\/p>\n<h2>Die Magie der Montagesequenz<\/h2>\n<p>Die Montagesequenz ist eine sehr vielseitige filmische Erz\u00e4hlform, die unserem Handwerk viel Raum f\u00fcr die filmische Gestaltung l\u00e4sst.\u00a0Ich m\u00f6chte zwei beispielhafte Montagesequenzen aus zwei unterschiedlichen Filmen (<em>Above and Below<\/em> und <em>Cahier Africain<\/em>) genauer analysieren.<\/p>\n<p><a href=\"https:\/\/blog.zhdk.ch\/zdok\/2018\/die-magie-der-montagesequenz\/\">Video<\/a>\u00a0\u0399 <a href=\"https:\/\/blog.zhdk.ch\/zdok\/2018\/kaya-inan\/\">Kaya Inan<\/a><\/p>\n<hr \/>\n<figure id=\"attachment_6609\" aria-describedby=\"caption-attachment-6609\" style=\"width: 300px\" class=\"wp-caption alignleft\"><img loading=\"lazy\" decoding=\"async\" class=\"wp-image-6609 size-medium\" src=\"https:\/\/blog.zhdk.ch\/zdok\/files\/2018\/04\/Bildschirmfoto-2018-04-05-um-20.07.41-300x169.png\" alt=\"\" width=\"300\" height=\"169\" srcset=\"https:\/\/blog.zhdk.ch\/zdok\/files\/2018\/04\/Bildschirmfoto-2018-04-05-um-20.07.41-300x169.png 300w, https:\/\/blog.zhdk.ch\/zdok\/files\/2018\/04\/Bildschirmfoto-2018-04-05-um-20.07.41-768x434.png 768w, https:\/\/blog.zhdk.ch\/zdok\/files\/2018\/04\/Bildschirmfoto-2018-04-05-um-20.07.41-1240x700.png 1240w, https:\/\/blog.zhdk.ch\/zdok\/files\/2018\/04\/Bildschirmfoto-2018-04-05-um-20.07.41.png 1824w\" sizes=\"auto, (max-width: 300px) 100vw, 300px\" \/><figcaption id=\"caption-attachment-6609\" class=\"wp-caption-text\">Britta Hartmann<\/figcaption><\/figure>\n<p>&nbsp;<\/p>\n<p>&nbsp;<\/p>\n<p>&nbsp;<\/p>\n<p>&nbsp;<\/p>\n<p>&nbsp;<\/p>\n<p>&nbsp;<\/p>\n<h2>Die Montage in den Filmen von Johan van der Keuken<\/h2>\n<p>Zu den Dokumentarfilmern, die ihre Montagearbeit in schriftlichen Selbstzeugnissen, Arbeitsnotizen, Analysen aus dem Schneideraum und auch in Interviews immer wieder reflektiert haben, geh\u00f6rt Johan van der Keuken (1938-2001). Der 80. Geburtstag des Fotografen und Filmemachers soll zum Anlass genommen werden, \u00fcber die Rolle der Montage als Stifter von Sinn und Bedeutung nachzudenken.<\/p>\n<p><a href=\"https:\/\/blog.zhdk.ch\/zdok\/2018\/die-montage-als-stifterin-von-sinn-und-bedeutung-bei-johan-van-der-keuken\/\">Video<\/a>\u00a0\u0399 <a href=\"https:\/\/blog.zhdk.ch\/zdok\/2018\/britta-hartmann\/\">Britta Hartmann<\/a><\/p>\n<hr \/>\n<figure id=\"attachment_6839\" aria-describedby=\"caption-attachment-6839\" style=\"width: 300px\" class=\"wp-caption alignleft\"><img loading=\"lazy\" decoding=\"async\" class=\"wp-image-6839 size-medium\" src=\"https:\/\/blog.zhdk.ch\/zdok\/files\/2018\/04\/ZDOK18_11-300x169.jpg\" alt=\"\" width=\"300\" height=\"169\" srcset=\"https:\/\/blog.zhdk.ch\/zdok\/files\/2018\/04\/ZDOK18_11-300x169.jpg 300w, https:\/\/blog.zhdk.ch\/zdok\/files\/2018\/04\/ZDOK18_11-768x432.jpg 768w, https:\/\/blog.zhdk.ch\/zdok\/files\/2018\/04\/ZDOK18_11-1240x698.jpg 1240w\" sizes=\"auto, (max-width: 300px) 100vw, 300px\" \/><figcaption id=\"caption-attachment-6839\" class=\"wp-caption-text\">Live-\u00dcbertragung mit Philip Scheffner in Berlin (Moderation: Christian Iseli)<\/figcaption><\/figure>\n<p>&nbsp;<\/p>\n<p>&nbsp;<\/p>\n<p>&nbsp;<\/p>\n<p>&nbsp;<\/p>\n<p>&nbsp;<\/p>\n<p>&nbsp;<\/p>\n<h2>Die Revision der Mittel<\/h2>\n<p>Der Vortrag thematisiert die Schnittarbeit an den Filmen \u201eRevision\u201c (2012) und \u201eHavarie\u201c (2016). Bei beiden Filmen war der Schnitt von Anfang an Teil der Filmkonzeption. Auch deshalb, weil Philip Scheffner sowohl f\u00fcr die Regie als auch f\u00fcr den Schnitt verantwortlich zeichnet.<\/p>\n<p><a href=\"https:\/\/blog.zhdk.ch\/zdok\/2018\/die-revision-der-mittel-2\/\">Video<\/a>\u00a0\u0399 <a href=\"https:\/\/blog.zhdk.ch\/zdok\/2018\/philipp-scheffner\/\">Philip Scheffner<\/a><\/p>\n<hr \/>\n<figure id=\"attachment_6607\" aria-describedby=\"caption-attachment-6607\" style=\"width: 300px\" class=\"wp-caption alignnone\"><img loading=\"lazy\" decoding=\"async\" class=\"wp-image-6607 size-medium\" src=\"https:\/\/blog.zhdk.ch\/zdok\/files\/2018\/04\/Bildschirmfoto-2018-04-05-um-20.06.15-300x163.png\" alt=\"\" width=\"300\" height=\"163\" srcset=\"https:\/\/blog.zhdk.ch\/zdok\/files\/2018\/04\/Bildschirmfoto-2018-04-05-um-20.06.15-300x163.png 300w, https:\/\/blog.zhdk.ch\/zdok\/files\/2018\/04\/Bildschirmfoto-2018-04-05-um-20.06.15-768x418.png 768w, https:\/\/blog.zhdk.ch\/zdok\/files\/2018\/04\/Bildschirmfoto-2018-04-05-um-20.06.15-1240x675.png 1240w, https:\/\/blog.zhdk.ch\/zdok\/files\/2018\/04\/Bildschirmfoto-2018-04-05-um-20.06.15.png 1906w\" sizes=\"auto, (max-width: 300px) 100vw, 300px\" \/><figcaption id=\"caption-attachment-6607\" class=\"wp-caption-text\">Magali Trautmann<\/figcaption><\/figure>\n<h2>Fiktionalisierende Montage im Dokumentarfilm<\/h2>\n<p>Wie nah der narrative Dokumentarfilm dem Spielfilm tats\u00e4chlich kommt, ohne dabei mit Nachstellungen, Kulissen oder Schauspielern zu arbeiten, welche Tricks und Techniken er anwendet, um die Zuschauenden zu erreichen und vor allem, wie dessen Montage im Detail aussieht, lege ich in meinem Vortrag dar.<\/p>\n<p><a href=\"https:\/\/blog.zhdk.ch\/zdok\/2018\/fiktionalisierende-montage-im-dokumentarfilm-2\/\">Video<\/a>\u00a0\u0399 <a href=\"https:\/\/blog.zhdk.ch\/zdok\/2018\/magali-trautmann\/\">Magali Trautmann<\/a> \u0399 <a href=\"https:\/\/blog.zhdk.ch\/zdok\/files\/2019\/06\/referat_trautmann_2018.pdf\">Text<\/a><\/p>\n<hr \/>\n<figure id=\"attachment_6595\" aria-describedby=\"caption-attachment-6595\" style=\"width: 300px\" class=\"wp-caption alignnone\"><img loading=\"lazy\" decoding=\"async\" class=\"wp-image-6595 size-medium\" src=\"https:\/\/blog.zhdk.ch\/zdok\/files\/2018\/04\/Bildschirmfoto-2018-04-05-um-20.00.19-300x157.png\" alt=\"\" width=\"300\" height=\"157\" srcset=\"https:\/\/blog.zhdk.ch\/zdok\/files\/2018\/04\/Bildschirmfoto-2018-04-05-um-20.00.19-300x157.png 300w, https:\/\/blog.zhdk.ch\/zdok\/files\/2018\/04\/Bildschirmfoto-2018-04-05-um-20.00.19-768x402.png 768w, https:\/\/blog.zhdk.ch\/zdok\/files\/2018\/04\/Bildschirmfoto-2018-04-05-um-20.00.19-1240x649.png 1240w, https:\/\/blog.zhdk.ch\/zdok\/files\/2018\/04\/Bildschirmfoto-2018-04-05-um-20.00.19.png 1808w\" sizes=\"auto, (max-width: 300px) 100vw, 300px\" \/><figcaption id=\"caption-attachment-6595\" class=\"wp-caption-text\">Mathilde Bonnefoy im Gespr\u00e4ch mit Gesa Marten<\/figcaption><\/figure>\n<h2>Gespr\u00e4ch \u00fcber die Montage von CITIZENFOUR<\/h2>\n<p>Das Gespr\u00e4ch mit der Editorin und Produzentin Mathilde Bonnefoy spannt einen Bogen von den besonderen Umst\u00e4nden der Postproduktion von <em>Citizenfour<\/em> (hohe Geheimhaltung) \u00fcber die unerwartete Kontaktaufnahme eines neuen Protagonisten (Edward Snowden) in der Rohschnittphase, \u00fcber die Revision der Montage in Reaktion darauf bis hin zur einzelnen \u00e4sthetischen Entscheidungen, zB. wie und warum die Filmemacherin als Figur integriert wurde. Fragen nach ethischer Verantwortung, erz\u00e4hlerischer Herausforderung und k\u00fcnstlerischer Form in der Montage wurden gestellt.<\/p>\n<p><a href=\"https:\/\/blog.zhdk.ch\/zdok\/2018\/gespraech-ueber-die-montage-von-citizenfour\/\">Video<\/a>\u00a0\u0399 <a href=\"https:\/\/blog.zhdk.ch\/zdok\/2018\/mathilde-bonnefoy\/\">Mathilde Bonnefoy<\/a><\/p>\n<hr \/>\n<figure id=\"attachment_6693\" aria-describedby=\"caption-attachment-6693\" style=\"width: 300px\" class=\"wp-caption alignnone\"><img loading=\"lazy\" decoding=\"async\" class=\"wp-image-6693 size-medium\" src=\"https:\/\/blog.zhdk.ch\/zdok\/files\/2018\/04\/Krumbiegel_Voigt_sm-300x173.jpg\" alt=\"\" width=\"300\" height=\"173\" srcset=\"https:\/\/blog.zhdk.ch\/zdok\/files\/2018\/04\/Krumbiegel_Voigt_sm-300x173.jpg 300w, https:\/\/blog.zhdk.ch\/zdok\/files\/2018\/04\/Krumbiegel_Voigt_sm-768x443.jpg 768w, https:\/\/blog.zhdk.ch\/zdok\/files\/2018\/04\/Krumbiegel_Voigt_sm-1240x716.jpg 1240w, https:\/\/blog.zhdk.ch\/zdok\/files\/2018\/04\/Krumbiegel_Voigt_sm.jpg 2035w\" sizes=\"auto, (max-width: 300px) 100vw, 300px\" \/><figcaption id=\"caption-attachment-6693\" class=\"wp-caption-text\">Stephan Krumbiegel und Olaf Voigtl\u00e4nder<\/figcaption><\/figure>\n<h2>BEUYS: Montageprinzip und Schneiden im Kollektiv<\/h2>\n<p>Die Gestaltung der Montage hat f\u00fcr die Erz\u00e4hlung des Films eine entscheidende Rolle gespielt. In ihrem Vortrag beleuchten die beiden Editoren, Stephan Krumbiegel und Olaf Voigtl\u00e4nder, ihr Gestaltungskonzept und den Prozess in der Arbeit zu zweit<\/p>\n<p><a href=\"https:\/\/blog.zhdk.ch\/zdok\/2018\/montageprinzip-und-schneiden-im-kollektiv\/\">Video<\/a>\u00a0\u0399 <a href=\"https:\/\/blog.zhdk.ch\/zdok\/2018\/olaf-voigtlaender\/\">Olaf Voigtl\u00e4nder<\/a>\u00a0\u0399 <a href=\"https:\/\/blog.zhdk.ch\/zdok\/2018\/stefan-krumbiegel\/\">Stephan Krumbiegel<\/a><\/p>\n<hr \/>\n<figure id=\"attachment_6613\" aria-describedby=\"caption-attachment-6613\" style=\"width: 300px\" class=\"wp-caption alignnone\"><img loading=\"lazy\" decoding=\"async\" class=\"wp-image-6613 size-medium\" src=\"https:\/\/blog.zhdk.ch\/zdok\/files\/2018\/04\/Bildschirmfoto-2018-04-05-um-20.09.18-300x160.png\" alt=\"\" width=\"300\" height=\"160\" srcset=\"https:\/\/blog.zhdk.ch\/zdok\/files\/2018\/04\/Bildschirmfoto-2018-04-05-um-20.09.18-300x160.png 300w, https:\/\/blog.zhdk.ch\/zdok\/files\/2018\/04\/Bildschirmfoto-2018-04-05-um-20.09.18-768x409.png 768w, https:\/\/blog.zhdk.ch\/zdok\/files\/2018\/04\/Bildschirmfoto-2018-04-05-um-20.09.18-1240x661.png 1240w, https:\/\/blog.zhdk.ch\/zdok\/files\/2018\/04\/Bildschirmfoto-2018-04-05-um-20.09.18.png 1742w\" sizes=\"auto, (max-width: 300px) 100vw, 300px\" \/><figcaption id=\"caption-attachment-6613\" class=\"wp-caption-text\">Gespr\u00e4ch mit Andres Veiel, Olaf Voigtl\u00e4nder und Stephan Krumbiegel. Moderiert von Sabine Gisiger<\/figcaption><\/figure>\n<h2>Gespr\u00e4ch \u00fcber die Montage von BEUYS<\/h2>\n<p><a href=\"https:\/\/blog.zhdk.ch\/zdok\/2018\/diskussion-ueber-die-montage-von-beuys\/\">Video<\/a><\/p>\n<hr \/>\n<figure id=\"attachment_6697\" aria-describedby=\"caption-attachment-6697\" style=\"width: 300px\" class=\"wp-caption alignnone\"><img loading=\"lazy\" decoding=\"async\" class=\"wp-image-6697 size-medium\" src=\"https:\/\/blog.zhdk.ch\/zdok\/files\/2018\/04\/Karen_Pearlman_sm-300x169.jpg\" alt=\"\" width=\"300\" height=\"169\" srcset=\"https:\/\/blog.zhdk.ch\/zdok\/files\/2018\/04\/Karen_Pearlman_sm-300x169.jpg 300w, https:\/\/blog.zhdk.ch\/zdok\/files\/2018\/04\/Karen_Pearlman_sm-768x433.jpg 768w, https:\/\/blog.zhdk.ch\/zdok\/files\/2018\/04\/Karen_Pearlman_sm-1240x700.jpg 1240w, https:\/\/blog.zhdk.ch\/zdok\/files\/2018\/04\/Karen_Pearlman_sm.jpg 1738w\" sizes=\"auto, (max-width: 300px) 100vw, 300px\" \/><figcaption id=\"caption-attachment-6697\" class=\"wp-caption-text\">Karen Pearlman<\/figcaption><\/figure>\n<h2>Rhythmisches Denken: Svilovas und Vertovs erweiterte Vorstellungskraft<\/h2>\n<p>The presentation looked at the collaboration between Dziga Vertov and his wife, editor, and lifelong collaborator, Elizaveta Svilova. It will define the expert, embodied processes that occur in the editing of their films as \u201aediting thinking\u2018, and suggest that Svilova is a significantly under recognized figure in the Soviet montage era.<\/p>\n<p><a href=\"https:\/\/blog.zhdk.ch\/zdok\/2018\/rhythmic-thinking-svilova-and-vertovs-extended-mind-2\/\">Video<\/a>\u00a0\u0399 <a href=\"https:\/\/blog.zhdk.ch\/zdok\/2018\/karen-pearlman\/\">Karen Pearlman<\/a><\/p>\n<hr \/>\n<figure id=\"attachment_6617\" aria-describedby=\"caption-attachment-6617\" style=\"width: 300px\" class=\"wp-caption alignnone\"><img loading=\"lazy\" decoding=\"async\" class=\"wp-image-6617 size-medium\" src=\"https:\/\/blog.zhdk.ch\/zdok\/files\/2018\/04\/Bildschirmfoto-2018-04-05-um-20.11.46-300x179.png\" alt=\"\" width=\"300\" height=\"179\" srcset=\"https:\/\/blog.zhdk.ch\/zdok\/files\/2018\/04\/Bildschirmfoto-2018-04-05-um-20.11.46-300x179.png 300w, https:\/\/blog.zhdk.ch\/zdok\/files\/2018\/04\/Bildschirmfoto-2018-04-05-um-20.11.46-768x458.png 768w, https:\/\/blog.zhdk.ch\/zdok\/files\/2018\/04\/Bildschirmfoto-2018-04-05-um-20.11.46-1240x740.png 1240w, https:\/\/blog.zhdk.ch\/zdok\/files\/2018\/04\/Bildschirmfoto-2018-04-05-um-20.11.46.png 1732w\" sizes=\"auto, (max-width: 300px) 100vw, 300px\" \/><figcaption id=\"caption-attachment-6617\" class=\"wp-caption-text\">Gesa Marten<\/figcaption><\/figure>\n<h2>Wer spricht? &#8211; Zur Erz\u00e4hlinstanz im Film<\/h2>\n<p>In der Montage strukturieren wir Raum und Zeit, wir kreieren die Handlung und die Charaktere. Wir f\u00fchren Gedanken und Emotionen. Somit konstruiert die Montage die filmische Realit\u00e4t. Doch in welcher Wirklichkeitsform ist der\/die Erz\u00e4hler\/in zu finden und kann sie in der Montage ebenso gestaltet werden?<\/p>\n<p><a href=\"https:\/\/blog.zhdk.ch\/zdok\/2018\/wer-spicht-zur-erzaehlinstanz-im-film\/\">Video<\/a>\u00a0\u0399 <a href=\"https:\/\/blog.zhdk.ch\/zdok\/2018\/gesa-marten\/\">Gesa Marten<\/a><\/p>\n<hr \/>\n<figure id=\"attachment_6705\" aria-describedby=\"caption-attachment-6705\" style=\"width: 300px\" class=\"wp-caption alignnone\"><img loading=\"lazy\" decoding=\"async\" class=\"wp-image-6705 size-medium\" src=\"https:\/\/blog.zhdk.ch\/zdok\/files\/2018\/04\/MonaWilli_sm-300x178.jpg\" alt=\"\" width=\"300\" height=\"178\" srcset=\"https:\/\/blog.zhdk.ch\/zdok\/files\/2018\/04\/MonaWilli_sm-300x178.jpg 300w, https:\/\/blog.zhdk.ch\/zdok\/files\/2018\/04\/MonaWilli_sm-768x457.jpg 768w, https:\/\/blog.zhdk.ch\/zdok\/files\/2018\/04\/MonaWilli_sm-1240x738.jpg 1240w\" sizes=\"auto, (max-width: 300px) 100vw, 300px\" \/><figcaption id=\"caption-attachment-6705\" class=\"wp-caption-text\">Monika Willi<\/figcaption><\/figure>\n<h2>Schneiden, wenn der Regisseur nicht zur\u00fcckkommt<\/h2>\n<p>Nachdem der Regisseur Michael Glawogger bei den Dreharbeiten zu seinem Film<em> Untitled \/ Der Film ohne Namen<\/em> 2014 in Liberia verstorben war, \u00fcbernahm Monika Willi das Material und gestaltete damit den Film <em>Untitled.<\/em><\/p>\n<p><a href=\"https:\/\/blog.zhdk.ch\/zdok\/2018\/schneiden-wenn-der-regisseur-nicht-zurueckkommt-2\/\">Video<\/a>\u00a0\u0399 <a href=\"https:\/\/blog.zhdk.ch\/zdok\/2018\/monika-willi\/\">Monika Willi<\/a><\/p>\n<hr \/>\n<figure id=\"attachment_6713\" aria-describedby=\"caption-attachment-6713\" style=\"width: 300px\" class=\"wp-caption alignnone\"><img loading=\"lazy\" decoding=\"async\" class=\"wp-image-6713 size-medium\" src=\"https:\/\/blog.zhdk.ch\/zdok\/files\/2018\/04\/Gespr\u00e4ch_untitled_sm-300x177.jpg\" alt=\"\" width=\"300\" height=\"177\" srcset=\"https:\/\/blog.zhdk.ch\/zdok\/files\/2018\/04\/Gespr\u00e4ch_untitled_sm-300x177.jpg 300w, https:\/\/blog.zhdk.ch\/zdok\/files\/2018\/04\/Gespr\u00e4ch_untitled_sm-768x454.jpg 768w, https:\/\/blog.zhdk.ch\/zdok\/files\/2018\/04\/Gespr\u00e4ch_untitled_sm-1240x733.jpg 1240w\" sizes=\"auto, (max-width: 300px) 100vw, 300px\" \/><figcaption id=\"caption-attachment-6713\" class=\"wp-caption-text\">Attila Boa und Monika Willi im Gespr\u00e4ch mit Belinda Sallin<\/figcaption><\/figure>\n<h2>Gespr\u00e4ch \u00fcber die Montage von UNTITLED<\/h2>\n<p><a href=\"https:\/\/blog.zhdk.ch\/zdok\/2018\/diskussion-ueber-die-montage-von-untitled-2\/\">Video<\/a>\u00a0\u0399 <a href=\"https:\/\/blog.zhdk.ch\/zdok\/2018\/monika-willi\/\">Monika Willi<\/a>\u00a0\u0399 <a href=\"https:\/\/blog.zhdk.ch\/zdok\/2018\/attila-boa\/\">Attila Boa<\/a><\/p>\n<hr \/>\n<figure id=\"attachment_6619\" aria-describedby=\"caption-attachment-6619\" style=\"width: 300px\" class=\"wp-caption alignnone\"><img loading=\"lazy\" decoding=\"async\" class=\"wp-image-6619 size-medium\" src=\"https:\/\/blog.zhdk.ch\/zdok\/files\/2018\/04\/Bildschirmfoto-2018-04-05-um-20.12.41-300x165.png\" alt=\"\" width=\"300\" height=\"165\" srcset=\"https:\/\/blog.zhdk.ch\/zdok\/files\/2018\/04\/Bildschirmfoto-2018-04-05-um-20.12.41-300x165.png 300w, https:\/\/blog.zhdk.ch\/zdok\/files\/2018\/04\/Bildschirmfoto-2018-04-05-um-20.12.41-768x423.png 768w, https:\/\/blog.zhdk.ch\/zdok\/files\/2018\/04\/Bildschirmfoto-2018-04-05-um-20.12.41-1240x683.png 1240w, https:\/\/blog.zhdk.ch\/zdok\/files\/2018\/04\/Bildschirmfoto-2018-04-05-um-20.12.41.png 1882w\" sizes=\"auto, (max-width: 300px) 100vw, 300px\" \/><figcaption id=\"caption-attachment-6619\" class=\"wp-caption-text\">Matthias Leitner<\/figcaption><\/figure>\n<h2>Das Ende der Montage: Webdocs &amp; Virtual Reality<\/h2>\n<p>Wie ver\u00e4ndert sich das Erz\u00e4hlen von Geschichten in interaktiven Welten? Was k\u00f6nnen und m\u00fcssen Filmschaffende von Games &amp; User-Experience-Designern lernen? Warum war Aristoteles kein Game Designer und wird auch niemals einer werden?<\/p>\n<p><a href=\"https:\/\/blog.zhdk.ch\/zdok\/2018\/das-ende-der-montage-webdoks-virtual-reality\/\">Video<\/a>\u00a0\u0399 <a href=\"https:\/\/blog.zhdk.ch\/zdok\/2018\/matthias-leitner\/\">Matthias Leitner<\/a><\/p>\n<hr \/>\n<figure id=\"attachment_6881\" aria-describedby=\"caption-attachment-6881\" style=\"width: 300px\" class=\"wp-caption alignnone\"><img loading=\"lazy\" decoding=\"async\" class=\"wp-image-6881 size-medium\" src=\"https:\/\/blog.zhdk.ch\/zdok\/files\/2018\/04\/ZDOK18_28-300x169.jpg\" alt=\"\" width=\"300\" height=\"169\" srcset=\"https:\/\/blog.zhdk.ch\/zdok\/files\/2018\/04\/ZDOK18_28-300x169.jpg 300w, https:\/\/blog.zhdk.ch\/zdok\/files\/2018\/04\/ZDOK18_28-768x432.jpg 768w, https:\/\/blog.zhdk.ch\/zdok\/files\/2018\/04\/ZDOK18_28-1240x698.jpg 1240w\" sizes=\"auto, (max-width: 300px) 100vw, 300px\" \/><figcaption id=\"caption-attachment-6881\" class=\"wp-caption-text\">Christof Schertenleib, Anna Thommen und Annette Br\u00fctsch im Gespr\u00e4ch mit Christian Iseli (v.l.n.r.)<\/figcaption><\/figure>\n<h2>Schlusspodium: Es lebe die Montage!<\/h2>\n<p><a href=\"https:\/\/blog.zhdk.ch\/zdok\/2018\/es-lebe-die-montage\/\">Video<\/a><\/p>\n<hr \/>\n<p>&nbsp;<\/p>\n","protected":false},"excerpt":{"rendered":"<p>Ein Axiom des Genres lautet: Der Dokumentarfilm entsteht im Schneideraum. Anders als beim Spielfilm wird die Geschichte meist erst hier erarbeitet. Hier fallen die Entscheidungen \u00fcber r\u00e4umliche und zeitliche Kontinuit\u00e4t, Kausalit\u00e4t, Handlungsaufbau, Logik und Rhythmus.\u00a0Hier werden rhetorische, poetische und dramatische B\u00f6gen gebaut. Die Empathie gegen\u00fcber Protagonisten, das Eintauchen in eine Erz\u00e4hlung und das emotionale Miterleben &hellip;<\/p>\n","protected":false},"author":3673,"featured_media":4515,"parent":0,"menu_order":0,"comment_status":"closed","ping_status":"closed","template":"","meta":{"footnotes":""},"class_list":["post-113","page","type-page","status-publish","has-post-thumbnail","hentry"],"_links":{"self":[{"href":"https:\/\/blog.zhdk.ch\/zdok\/wp-json\/wp\/v2\/pages\/113","targetHints":{"allow":["GET"]}}],"collection":[{"href":"https:\/\/blog.zhdk.ch\/zdok\/wp-json\/wp\/v2\/pages"}],"about":[{"href":"https:\/\/blog.zhdk.ch\/zdok\/wp-json\/wp\/v2\/types\/page"}],"author":[{"embeddable":true,"href":"https:\/\/blog.zhdk.ch\/zdok\/wp-json\/wp\/v2\/users\/3673"}],"replies":[{"embeddable":true,"href":"https:\/\/blog.zhdk.ch\/zdok\/wp-json\/wp\/v2\/comments?post=113"}],"version-history":[{"count":122,"href":"https:\/\/blog.zhdk.ch\/zdok\/wp-json\/wp\/v2\/pages\/113\/revisions"}],"predecessor-version":[{"id":9536,"href":"https:\/\/blog.zhdk.ch\/zdok\/wp-json\/wp\/v2\/pages\/113\/revisions\/9536"}],"wp:featuredmedia":[{"embeddable":true,"href":"https:\/\/blog.zhdk.ch\/zdok\/wp-json\/wp\/v2\/media\/4515"}],"wp:attachment":[{"href":"https:\/\/blog.zhdk.ch\/zdok\/wp-json\/wp\/v2\/media?parent=113"}],"curies":[{"name":"wp","href":"https:\/\/api.w.org\/{rel}","templated":true}]}}