{"id":2990,"date":"2013-06-09T14:58:15","date_gmt":"2013-06-09T12:58:15","guid":{"rendered":"https:\/\/blog.zhdk.ch\/zdok\/?page_id=2990"},"modified":"2018-01-16T13:22:34","modified_gmt":"2018-01-16T12:22:34","slug":"zdok-13","status":"publish","type":"page","link":"https:\/\/blog.zhdk.ch\/zdok\/zdok-13\/","title":{"rendered":"ZDOK.13"},"content":{"rendered":"<p><img loading=\"lazy\" decoding=\"async\" class=\"alignnone wp-image-4531 size-full\" src=\"https:\/\/blog.zhdk.ch\/zdok\/files\/2017\/11\/zdok13_uebersicht.jpg\" alt=\"\" width=\"2000\" height=\"1088\" srcset=\"https:\/\/blog.zhdk.ch\/zdok\/files\/2017\/11\/zdok13_uebersicht.jpg 2000w, https:\/\/blog.zhdk.ch\/zdok\/files\/2017\/11\/zdok13_uebersicht-300x163.jpg 300w, https:\/\/blog.zhdk.ch\/zdok\/files\/2017\/11\/zdok13_uebersicht-768x418.jpg 768w, https:\/\/blog.zhdk.ch\/zdok\/files\/2017\/11\/zdok13_uebersicht-1240x675.jpg 1240w\" sizes=\"auto, (max-width: 2000px) 100vw, 2000px\" \/><\/p>\n<h2>Digitized Reality &#8211; Visual Effects und Sound Design im Dokumentarfilm<\/h2>\n<p><a href=\"https:\/\/blog.zhdk.ch\/zdok\/files\/2017\/11\/Handout-4.pdf\">Programm ZDOK.13<\/a><\/p>\n<hr \/>\n<figure id=\"attachment_3160\" aria-describedby=\"caption-attachment-3160\" style=\"width: 225px\" class=\"wp-caption alignnone\"><img loading=\"lazy\" decoding=\"async\" class=\"size-full wp-image-3160\" src=\"https:\/\/blog.zhdk.ch\/zdok\/files\/2017\/11\/Iseli_ref2.jpg\" alt=\"\" width=\"225\" height=\"190\" \/><figcaption id=\"caption-attachment-3160\" class=\"wp-caption-text\">Christian Iseli<\/figcaption><\/figure>\n<h4>Wennschon, dennschon: der digitalisierte Dokumentarfilm<\/h4>\n<p>Der Profilleiter Realisation Dokumentarfilm im Master of Arts in Film und Leiter des Forschungsschwerpunkts Film an der ZHdK, f\u00fchrt aus einer praxisnahen Perspektive in das digitale Gestaltungsspektrum von Dokumentarfilmen ein.<\/p>\n<p><a href=\"https:\/\/blog.zhdk.ch\/zdok\/talks-video\/2016\/deutsch\/2017\/wennschon-dennschon-der-digitalisierte-dokumentarfilm\/\">Video\u00a0<\/a>\u0399 <a href=\"https:\/\/blog.zhdk.ch\/zdok\/gaeste\/2017\/christian-iseli-2\/\">Christian Iseli\u00a0<\/a><\/p>\n<hr \/>\n<p><img loading=\"lazy\" decoding=\"async\" class=\"alignnone size-full wp-image-3162\" src=\"https:\/\/blog.zhdk.ch\/zdok\/files\/2017\/11\/pub_hoffmann.jpg\" alt=\"\" width=\"225\" height=\"190\" \/><\/p>\n<h4>Dokumentarfilm und Digitalisierung: Ausbruch aus dem Gef\u00e4ngnis?<\/h4>\n<p>Kay Hoffmann ist seit 2007 Studienleiter im Bereich Wissenschaft im Haus des Dokumentarfilms in Stuttgart. Er war wissenschaftlicher Mitarbeiter im DFG-gef\u00f6rderten Forschungsprojekt Geschichte des dokumentarischen Films in Deutschland 1895\u20131945 und Mitherausgeber des 3. Bandes: Drittes Reich.<\/p>\n<p><a href=\"https:\/\/blog.zhdk.ch\/zdok\/files\/2018\/01\/publi_hoffmann_2013-3.pdf\">Text\u00a0<\/a>\u0399 <a href=\"https:\/\/blog.zhdk.ch\/zdok\/talks-video\/2016\/deutsch\/2017\/kay-hoffmann\/\">Kay Hoffmann<\/a><\/p>\n<hr \/>\n<figure id=\"attachment_3152\" aria-describedby=\"caption-attachment-3152\" style=\"width: 224px\" class=\"wp-caption alignnone\"><a href=\"https:\/\/blog.zhdk.ch\/zdok\/files\/2017\/11\/csm_Flueckiger_ref_627c493ba4.jpg\"><img loading=\"lazy\" decoding=\"async\" class=\"wp-image-3152 size-full\" src=\"https:\/\/blog.zhdk.ch\/zdok\/files\/2017\/11\/csm_Flueckiger_ref_627c493ba4.jpg\" alt=\"\" width=\"224\" height=\"190\" \/><\/a><figcaption id=\"caption-attachment-3152\" class=\"wp-caption-text\">Barbara Fl\u00fcckiger<\/figcaption><\/figure>\n<h4>Visual Effects und Sound Design: Wahrnehmung und Gestaltung<\/h4>\n<p>Barbara Fl\u00fcckiger, Professorin am Seminar f\u00fcr Filmwissenschaft der Universit\u00e4t Z\u00fcrich, geht in ihrem Referat \u00fcbergreifend auf die Wahrnehmungsgrundlagen und die Wirkungen von Visual Effects und Sound Design ein.<\/p>\n<p><a href=\"https:\/\/blog.zhdk.ch\/zdok\/talks-video\/2016\/deutsch\/2017\/visual-effects-und-sound-design-wahrnehmung-und-gestaltung\/\">Video\u00a0<\/a>\u0399 <a href=\"https:\/\/blog.zhdk.ch\/zdok\/talks-video\/2016\/deutsch\/2017\/barbara-flueckiger\/\">Barbara Fl\u00fcckiger<\/a><\/p>\n<hr \/>\n<figure id=\"attachment_3166\" aria-describedby=\"caption-attachment-3166\" style=\"width: 225px\" class=\"wp-caption alignnone\"><a href=\"https:\/\/blog.zhdk.ch\/zdok\/files\/2017\/11\/Zumstein_ref2b.jpg\"><img loading=\"lazy\" decoding=\"async\" class=\"wp-image-3166 size-full\" src=\"https:\/\/blog.zhdk.ch\/zdok\/files\/2017\/11\/Zumstein_ref2b.jpg\" alt=\"\" width=\"225\" height=\"190\" \/><\/a><figcaption id=\"caption-attachment-3166\" class=\"wp-caption-text\">Hansj\u00fcrg Zumstein<\/figcaption><\/figure>\n<h4>Effekt- und Look-Kontrolle von der Kamera bis zur Postproduktion<\/h4>\n<p>Hansj\u00fcrg Zumstein, Redaktor beim Schweizer Fernsehen SRF, erl\u00e4utert seine Arbeitsweise und visuelle Gestaltung beim Dokumentarfilm DER ERZWUNGENE R\u00dcCKTRITT (CH 2012).<\/p>\n<p><a href=\"https:\/\/blog.zhdk.ch\/zdok\/talks-video\/2016\/deutsch\/2017\/effekt-und-look-kontrolle-von-der-kamera-bis-zur-postproduktion\/\">Video\u00a0<\/a>\u0399 <a href=\"https:\/\/blog.zhdk.ch\/zdok\/talks-video\/2016\/deutsch\/2017\/hansjuerg-zumstein\/\">Hansj\u00fcrg Zumstein<\/a><\/p>\n<hr \/>\n<figure id=\"attachment_3154\" aria-describedby=\"caption-attachment-3154\" style=\"width: 224px\" class=\"wp-caption alignnone\"><a href=\"https:\/\/blog.zhdk.ch\/zdok\/files\/2017\/11\/csm_Frei_ref_3e2f14d4a8.jpg\"><img loading=\"lazy\" decoding=\"async\" class=\"wp-image-3154 size-full\" src=\"https:\/\/blog.zhdk.ch\/zdok\/files\/2017\/11\/csm_Frei_ref_3e2f14d4a8.jpg\" alt=\"\" width=\"224\" height=\"190\" \/><\/a><figcaption id=\"caption-attachment-3154\" class=\"wp-caption-text\">Christian Frei<\/figcaption><\/figure>\n<h4>Wahrhaftigkeit dank Bildmanipulation?<\/h4>\n<p>Der international bekannte Schweizer Dokumentarfilmer Christian Frei zeigt anhand seiner Filme SPACE TOURISTS (CH 2009) und THE GIANT BUDDHAS (CH 2005) wie er CGI (Computer Generated Imagery) eingesetzt und welche Bedeutung die digitale Bearbeitung in seinem Schaffen hat.<\/p>\n<p><a href=\"https:\/\/blog.zhdk.ch\/zdok\/talks-video\/2016\/deutsch\/2017\/wahrhaftigkeit-dank-bildmanipulation\/\">Video\u00a0<\/a>\u0399 <a href=\"https:\/\/blog.zhdk.ch\/zdok\/talks-video\/2016\/deutsch\/2017\/christian-frei\/\">Christian Frei<\/a><\/p>\n<hr \/>\n<p><a href=\"https:\/\/blog.zhdk.ch\/zdok\/files\/2017\/11\/csm_Podium_02_50b370336e.jpg\"><img loading=\"lazy\" decoding=\"async\" class=\"alignnone wp-image-3156 size-full\" src=\"https:\/\/blog.zhdk.ch\/zdok\/files\/2017\/11\/csm_Podium_02_50b370336e.jpg\" alt=\"\" width=\"224\" height=\"190\" \/><\/a><\/p>\n<h4>Podium &#8211;\u00a0Wo bleibt die Wirklichkeit?<\/h4>\n<p>Diskussionen mit Christian Frei, Hansj\u00fcrg Zumstein, und Kay Hoffmann. Moderation: Sabine Gisiger.<\/p>\n<p><a href=\"https:\/\/blog.zhdk.ch\/zdok\/talks-video\/2016\/deutsch\/2017\/wo-bleibt-die-wirklichkeit\/\">Video<\/a><\/p>\n<hr \/>\n<figure id=\"attachment_4295\" aria-describedby=\"caption-attachment-4295\" style=\"width: 200px\" class=\"wp-caption alignnone\"><img loading=\"lazy\" decoding=\"async\" class=\"wp-image-4295\" src=\"https:\/\/blog.zhdk.ch\/zdok\/files\/2017\/11\/Unknown-150x150.jpeg\" alt=\"\" width=\"200\" height=\"131\" \/><figcaption id=\"caption-attachment-4295\" class=\"wp-caption-text\">Maurizius Staerkle-Drux<\/figcaption><\/figure>\n<h4>Der Ton macht den Film<\/h4>\n<p>Der Dokumentarfilmer Maurizius Staerkle Drux zeigt anhand von Filmbeispielen auf, wie filmische Narration massgeblich \u00fcber die digitale Tonspur konstruiert werden kann. Mit Ausschnitten aus den Filmen WENN DER VORHANG F\u00c4LLT (CH 2013), KARMA SHADUB (CH 2013), ZWISCHEN INSELN (CH 2011) und ARCHITEKTUR EINER FAMILIE (work in progress).<\/p>\n<p><a href=\"https:\/\/blog.zhdk.ch\/zdok\/talks-video\/2016\/deutsch\/2017\/der-ton-macht-den-film\/\">Video\u00a0<\/a>\u0399 <a href=\"https:\/\/blog.zhdk.ch\/zdok\/talks-video\/2016\/deutsch\/2017\/maurizius-staerkle-drux\/\">Maurizius Starkle Drux<\/a><\/p>\n<hr \/>\n<p><a href=\"https:\/\/blog.zhdk.ch\/zdok\/files\/2017\/11\/pub_rogers.jpg\"><img loading=\"lazy\" decoding=\"async\" class=\"alignnone wp-image-3164 size-full\" src=\"https:\/\/blog.zhdk.ch\/zdok\/files\/2017\/11\/pub_rogers.jpg\" alt=\"\" width=\"225\" height=\"190\" \/><\/a><\/p>\n<h4>Composing with Reality: Digital Sound and Music in Documentary Film<\/h4>\n<p>Holly Rogers is Senior Lecturer in Music and Fulbright Scholar at the University of Liverpool. Her research is concerned primarily with music and sound in audiovisual media, including documentary film, experimental cinema and video art.<\/p>\n<p><a href=\"https:\/\/blog.zhdk.ch\/zdok\/talks-video\/2017\/composing-with-reality-digital-music-and-sound-in-documentary-film\/\">Video\u00a0<\/a>\u0399 <a href=\"https:\/\/blog.zhdk.ch\/zdok\/talks-video\/2016\/english\/2017\/holly-rogers\/\">Holly Rogers<\/a><\/p>\n<hr \/>\n<p><small>Redaktionsgruppe: Sabine Gisiger, Marille Hahne und Christian Iseli (Leitung)<\/small><\/p>\n","protected":false},"excerpt":{"rendered":"<p>Digitized Reality &#8211; Visual Effects und Sound Design im Dokumentarfilm Programm ZDOK.13 Wennschon, dennschon: der digitalisierte Dokumentarfilm Der Profilleiter Realisation Dokumentarfilm im Master of Arts in Film und Leiter des Forschungsschwerpunkts Film an der ZHdK, f\u00fchrt aus einer praxisnahen Perspektive in das digitale Gestaltungsspektrum von Dokumentarfilmen ein. Video\u00a0\u0399 Christian Iseli\u00a0 Dokumentarfilm und Digitalisierung: Ausbruch aus &hellip;<\/p>\n","protected":false},"author":3675,"featured_media":0,"parent":0,"menu_order":0,"comment_status":"closed","ping_status":"closed","template":"","meta":{"footnotes":""},"class_list":["post-2990","page","type-page","status-publish","hentry"],"_links":{"self":[{"href":"https:\/\/blog.zhdk.ch\/zdok\/wp-json\/wp\/v2\/pages\/2990","targetHints":{"allow":["GET"]}}],"collection":[{"href":"https:\/\/blog.zhdk.ch\/zdok\/wp-json\/wp\/v2\/pages"}],"about":[{"href":"https:\/\/blog.zhdk.ch\/zdok\/wp-json\/wp\/v2\/types\/page"}],"author":[{"embeddable":true,"href":"https:\/\/blog.zhdk.ch\/zdok\/wp-json\/wp\/v2\/users\/3675"}],"replies":[{"embeddable":true,"href":"https:\/\/blog.zhdk.ch\/zdok\/wp-json\/wp\/v2\/comments?post=2990"}],"version-history":[{"count":20,"href":"https:\/\/blog.zhdk.ch\/zdok\/wp-json\/wp\/v2\/pages\/2990\/revisions"}],"predecessor-version":[{"id":5675,"href":"https:\/\/blog.zhdk.ch\/zdok\/wp-json\/wp\/v2\/pages\/2990\/revisions\/5675"}],"wp:attachment":[{"href":"https:\/\/blog.zhdk.ch\/zdok\/wp-json\/wp\/v2\/media?parent=2990"}],"curies":[{"name":"wp","href":"https:\/\/api.w.org\/{rel}","templated":true}]}}