{"id":5803,"date":"2018-01-31T22:53:27","date_gmt":"2018-01-31T21:53:27","guid":{"rendered":"https:\/\/blog.zhdk.ch\/zdok\/?page_id=5803"},"modified":"2018-03-11T21:53:48","modified_gmt":"2018-03-11T20:53:48","slug":"anmeldung-zdok-18","status":"publish","type":"page","link":"https:\/\/blog.zhdk.ch\/zdok\/zdok-2018\/anmeldung-zdok-18\/","title":{"rendered":"Anmeldung 2018"},"content":{"rendered":"<hr \/>\n<p>Die Anmeldung zu ZDOK18 wird f\u00fcr alle Teilnehmenden \u00fcber das Ticketingsystem von XING abgewickelt. <strong>Die Erstellung eines Accounts und die Festlegung eines Passworts sind nicht n\u00f6tig<\/strong>. Das E-Ticket wird Ihnen zusammen mit der Rechnung (PDF) an die angegebene Emailadresse geschickt. M\u00f6gliche Zahlungsmittel: Kreditkarte oder Paypal.<\/p>\n<h4>&gt; <a href=\"https:\/\/en.xing-events.com\/HMWVDVW.html\">Zur Anmeldung via XING<\/a><\/h4>\n<p>Last-Minute-Anmeldungen sind bis auf Weiteres m\u00f6glich.<\/p>\n<hr \/>\n<p>ZHdK-Angeh\u00f6rige melden sich auch \u00fcber Xing an. Ausnahmen sind Studierende, die sich bereits ZHdK-intern \u00fcber Click &#8217;n&#8216; Roll angemeldet haben.<\/p>\n<hr \/>\n<p>Bei Fragen zur Anmeldung, wenden sich bitte an <a href=\"mailto:zdok.info@zhdk.ch\">zdok.info@zhdk.ch<\/a><\/p>\n","protected":false},"excerpt":{"rendered":"<p>Die Anmeldung zu ZDOK18 wird f\u00fcr alle Teilnehmenden \u00fcber das Ticketingsystem von XING abgewickelt. Die Erstellung eines Accounts und die Festlegung eines Passworts sind nicht n\u00f6tig. Das E-Ticket wird Ihnen zusammen mit der Rechnung (PDF) an die angegebene Emailadresse geschickt. M\u00f6gliche Zahlungsmittel: Kreditkarte oder Paypal. &gt; Zur Anmeldung via XING Last-Minute-Anmeldungen sind bis auf Weiteres &hellip;<\/p>\n","protected":false},"author":3673,"featured_media":0,"parent":113,"menu_order":0,"comment_status":"closed","ping_status":"closed","template":"","meta":{"footnotes":""},"class_list":["post-5803","page","type-page","status-publish","hentry"],"_links":{"self":[{"href":"https:\/\/blog.zhdk.ch\/zdok\/wp-json\/wp\/v2\/pages\/5803","targetHints":{"allow":["GET"]}}],"collection":[{"href":"https:\/\/blog.zhdk.ch\/zdok\/wp-json\/wp\/v2\/pages"}],"about":[{"href":"https:\/\/blog.zhdk.ch\/zdok\/wp-json\/wp\/v2\/types\/page"}],"author":[{"embeddable":true,"href":"https:\/\/blog.zhdk.ch\/zdok\/wp-json\/wp\/v2\/users\/3673"}],"replies":[{"embeddable":true,"href":"https:\/\/blog.zhdk.ch\/zdok\/wp-json\/wp\/v2\/comments?post=5803"}],"version-history":[{"count":11,"href":"https:\/\/blog.zhdk.ch\/zdok\/wp-json\/wp\/v2\/pages\/5803\/revisions"}],"predecessor-version":[{"id":6405,"href":"https:\/\/blog.zhdk.ch\/zdok\/wp-json\/wp\/v2\/pages\/5803\/revisions\/6405"}],"up":[{"embeddable":true,"href":"https:\/\/blog.zhdk.ch\/zdok\/wp-json\/wp\/v2\/pages\/113"}],"wp:attachment":[{"href":"https:\/\/blog.zhdk.ch\/zdok\/wp-json\/wp\/v2\/media?parent=5803"}],"curies":[{"name":"wp","href":"https:\/\/api.w.org\/{rel}","templated":true}]}}