{"id":7273,"date":"2019-01-17T16:34:29","date_gmt":"2019-01-17T15:34:29","guid":{"rendered":"https:\/\/blog.zhdk.ch\/zdok\/?page_id=7273"},"modified":"2023-02-02T18:12:28","modified_gmt":"2023-02-02T17:12:28","slug":"filme-2019","status":"publish","type":"page","link":"https:\/\/blog.zhdk.ch\/zdok\/filme-2019\/","title":{"rendered":"Filme ZDOK.19"},"content":{"rendered":"<h3>Cameraperson<\/h3>\n<p>Regie: Kirsten Johnson, USA 2016<br \/>\nKamera: Kirsten Johnson<\/p>\n<p><img loading=\"lazy\" decoding=\"async\" class=\"wp-image-7275 size-large alignnone\" src=\"https:\/\/blog.zhdk.ch\/zdok\/files\/2019\/01\/29003id_040_w1600-1240x698.jpg\" alt=\"\" width=\"960\" height=\"540\" srcset=\"https:\/\/blog.zhdk.ch\/zdok\/files\/2019\/01\/29003id_040_w1600-1240x698.jpg 1240w, https:\/\/blog.zhdk.ch\/zdok\/files\/2019\/01\/29003id_040_w1600-300x169.jpg 300w, https:\/\/blog.zhdk.ch\/zdok\/files\/2019\/01\/29003id_040_w1600-768x432.jpg 768w, https:\/\/blog.zhdk.ch\/zdok\/files\/2019\/01\/29003id_040_w1600.jpg 1600w\" sizes=\"auto, (max-width: 960px) 100vw, 960px\" \/><\/p>\n<p>Mit <em>Cameraperson<\/em> nimmt Kirsten Johnson die Zuschauer\/innen mit auf eine autobiografische Reise. Die f\u00fchrt nicht nur durch kulturell unterschiedliche Regionen \u2013 \u00fcber Bosnien nach Nigeria \u2013 sondern auch zu komplexen Situationen zwischen ihr, der Kameraperson, und den Motiven, den Protagonisten, dem Gesehenen. Der Film kommt als Mosaik der Bildeindr\u00fccke und filmischen Momente daher und hinterfragt so den Einfluss von Pers\u00f6nlichkeit, Autorenschaft, Schnitt und Kameraarbeit.<\/p>\n<p><strong>&gt; ZDOK.19-Beitrag<\/strong>: <a href=\"https:\/\/blog.zhdk.ch\/zdok\/2019\/kirsten-johnson\/\">Kirsten Johnson<\/a>\u00a0sprach \u00fcber\u00a0<em>Cameraperson<\/em> und diskutierte ihre Kameraarbeit mit\u00a0<a href=\"https:\/\/blog.zhdk.ch\/zdok\/2019\/mirjam-von-arx\/\">Mirjam von Arx<\/a> (Regisseurin und Produzentin von <a href=\"https:\/\/blog.zhdk.ch\/zdok\/filme-2019\/#virgin\"><em>Virgin Tales<\/em><\/a>, bei dem Kirsten Johnson die Kamera gef\u00fchrt hat).\u00a0Sprache: Englisch.<\/p>\n<p><strong>&gt;<\/strong> <a href=\"https:\/\/www.youtube.com\/watch?v=jx52F4iLTL8\" target=\"_blank\" rel=\"noopener noreferrer\">Trailer<\/a>\u00a0 \u0399 \u00a0<strong>&gt;<\/strong>\u00a0<a href=\"http:\/\/www.camerapersonfilm.com\" target=\"_blank\" rel=\"noopener noreferrer\">Website<\/a> \u0399<strong>\u00a0Ausstrahlung auf SRF 1 um 24.3. um 23.20h<\/strong> (<a href=\"https:\/\/www.srf.ch\/sendungen\/sternstunde-kunst\/cameraperson-der-preisgekroente-film-von-kirsten-johnson\">Sternstunde Kunst<\/a>).<\/p>\n<hr class=\"ttfmake-hr\" style=\"border-style: solid;border-top-width: 1px\" \/>\n<h3 id=\"genesis\">Genesis 2.0<\/h3>\n<p>Regie: Christian Frei, Co-Regie: Maxim Arbugaev, CH 2018<br \/>\nKamera: Peter Indergand,\u00a0Maxim Arbugaev<\/p>\n<p><img loading=\"lazy\" decoding=\"async\" class=\"size-large wp-image-7715 alignnone\" src=\"https:\/\/blog.zhdk.ch\/zdok\/files\/2019\/01\/Genesis_01-MAIN-PRESS_korr-1-1240x768.jpg\" alt=\"\" width=\"960\" height=\"595\" srcset=\"https:\/\/blog.zhdk.ch\/zdok\/files\/2019\/01\/Genesis_01-MAIN-PRESS_korr-1-1240x768.jpg 1240w, https:\/\/blog.zhdk.ch\/zdok\/files\/2019\/01\/Genesis_01-MAIN-PRESS_korr-1-300x186.jpg 300w, https:\/\/blog.zhdk.ch\/zdok\/files\/2019\/01\/Genesis_01-MAIN-PRESS_korr-1-768x476.jpg 768w, https:\/\/blog.zhdk.ch\/zdok\/files\/2019\/01\/Genesis_01-MAIN-PRESS_korr-1.jpg 1600w\" sizes=\"auto, (max-width: 960px) 100vw, 960px\" \/><\/p>\n<p>Der hohe Norden Sibiriens dient als apokalyptische Landschaft, in welcher der Alltag von sogenannten Mammutj\u00e4gern portraitiert wird. Dank den klimatischen Umst\u00e4nden, welche die Schmelze der Polarkappen vorantreiben, werden Skelette von Tieren vom Jahrhundert alten Eis freigegeben. Darunter auch die \u00dcberreste von mittlerweile ausgestorbenen Mammuten. Die Mammutj\u00e4ger interessieren sich vor allem f\u00fcr das wertvolle Elfenbein, w\u00e4hrend internationale DNA-Forscher die hinterbliebenen Zellen der ausgestorbenen Spezies jagen. Die anf\u00e4nglich nur von der Landschaft dargestellte Dystopie, strahlt im Verlauf des Films auf die ganze Welt ab, welche vor der k\u00fcnstlichen Auferstehung ausgestorbener Spezies nicht halt macht.<\/p>\n<p><strong>&gt; ZDOK.19-Beitrag: <\/strong><a href=\"https:\/\/blog.zhdk.ch\/zdok\/2019\/7095\/\">Christian Frei<\/a> und <a href=\"https:\/\/blog.zhdk.ch\/zdok\/2019\/peter-indergand\/\">Peter Indergand<\/a> sprachen gemeinsam \u00fcber visuelle Konzepte und Kamerahaltungen.<\/p>\n<p><strong>&gt;<\/strong> <a href=\"https:\/\/vimeo.com\/275772340\" target=\"_blank\" rel=\"noopener noreferrer\">Trailer<\/a>\u00a0 \u0399 \u00a0<strong>&gt;<\/strong> <a href=\"https:\/\/www.genesis-two-point-zero.com\" target=\"_blank\" rel=\"noopener noreferrer\">Website<\/a> \u00a0| \u00a0<strong>&gt; Online bei Apple iTunes<\/strong> (SFr. 7.50)<\/p>\n<hr class=\"ttfmake-hr\" style=\"border-style: solid;border-top-width: 1px\" \/>\n<h3 id=\"camera\">In Camera. Diaries of a Documentary Cameraman<\/h3>\n<p>Regie: Ranjan Palit, IND\u00a02010<br \/>\nKamera: Ranjan Palit, Surjo Deb<\/p>\n<p><a href=\"https:\/\/blog.zhdk.ch\/zdok\/files\/2019\/01\/IN-Camera.jpg\"><img loading=\"lazy\" decoding=\"async\" class=\"wp-image-8015 size-full alignnone\" src=\"https:\/\/blog.zhdk.ch\/zdok\/files\/2019\/01\/IN-Camera.jpg\" alt=\"\" width=\"1024\" height=\"519\" srcset=\"https:\/\/blog.zhdk.ch\/zdok\/files\/2019\/01\/IN-Camera.jpg 1024w, https:\/\/blog.zhdk.ch\/zdok\/files\/2019\/01\/IN-Camera-300x152.jpg 300w, https:\/\/blog.zhdk.ch\/zdok\/files\/2019\/01\/IN-Camera-768x389.jpg 768w\" sizes=\"auto, (max-width: 1024px) 100vw, 1024px\" \/><\/a><\/p>\n<p>Der bekannte indische Kameramann Ranjan Palit schaut auf 25 Jahre seines Schaffens zur\u00fcck. Er montiert Ausschnitte aus Filmen, die er gedreht hat, er sucht Protagonistinnen und Protagonisten von fr\u00fcher wieder auf, er bezieht seine pers\u00f6nliche Geschichte mit ein und macht auch neue Entdeckungen und Begegnungen. Auf der Grundlage seiner pers\u00f6nlichen Off-Erz\u00e4hlung verwebt er sein reiches Material zu einer Reflexion \u00fcber den Prozess und den Sinn des Filmemachens, \u00fcber die pers\u00f6nlichen Verh\u00e4ltnisse zwischen dem Filmenden und den Gefilmten, \u00fcber die Erinnerung, das eigene Leben und \u00fcber den anhaltenden \u00dcberlebenskampf der Unterprivilegierten.<\/p>\n<p><strong>&gt; ZDOK.19-Beitrag:<\/strong> Die Filmemacherin und Medienwissenschaftlerin <a href=\"https:\/\/blog.zhdk.ch\/zdok\/2019\/ulrike-mothes\/\">Ulrike Mothes<\/a> analysierte die Bilderwelten und die selbstreflexive Erz\u00e4hlweise von Ranjan Palits Film.<\/p>\n<p><strong>&gt;<\/strong>\u00a0<a href=\"https:\/\/www.youtube.com\/watch?v=J9XdPAt2IGw\" target=\"_blank\" rel=\"noopener noreferrer\">Trailer<\/a>\u00a0| <strong>\u00a0&gt;<\/strong> <a href=\"http:\/\/www.artnewsnviews.com\/view-article.php?article=in-camera-an-unobtrusive-gaze-of-the-filmmaker-s-journey&amp;iid=21&amp;articleid=526\" target=\"_blank\" rel=\"noopener noreferrer\">Artikel \u00fcber <em>In Camera<\/em><\/a><\/p>\n<hr class=\"ttfmake-hr\" style=\"border-style: solid;border-top-width: 1px\" \/>\n<h3 id=\"earth\">Planet Earth II<\/h3>\n<p>BBC Natural History Unit (NHU), BBC America, ZDF, Tencent, France T\u00e9l\u00e9vision, 2016<\/p>\n<p><img loading=\"lazy\" decoding=\"async\" class=\"size-full wp-image-7703 alignnone\" src=\"https:\/\/blog.zhdk.ch\/zdok\/files\/2019\/01\/p04h65dj-e1548339849416.jpg\" alt=\"\" width=\"976\" height=\"549\" \/><\/p>\n<p>Der zweite Teil der international erfolgreichen Serie wurde ab 2016 auf BBC ausgestrahlt. In den insgesamt sechs Folgen werden Tierarten und Lebensformen in den unterschiedlichsten Umgebungen dokumentiert (&#8222;Islands&#8220;, &#8222;Mountains&#8220;, &#8222;Deserts&#8220; etc.). F\u00fcr den technisch sehr aufwendigen Dreh wurde mit hochspezialisierten Aufnahme-Equipment gearbeitet, welches zum Teil speziell f\u00fcr diese Produktion entwickelt wurde. Wie auch im ersten Teil der Serie (<em>Planet Earth<\/em>) f\u00fchrt Sir David Attenborough als Moderator durch die einzelnen Folgen.<\/p>\n<p><strong>&gt; ZDOK.19-Beitrag:<\/strong> <a href=\"https:\/\/blog.zhdk.ch\/zdok\/2019\/mike-gunton\/\">Mike Gunton<\/a> (Executive Producer <em>Planet Earth II<\/em>) sprach \u00fcber die visuelle Erz\u00e4hlweise in Tier- und Naturfilmen. Sprache: Englisch.<br \/>\n&gt; <a href=\"https:\/\/www.youtube.com\/watch?v=c8aFcHFu8QM\" target=\"_blank\" rel=\"noopener noreferrer\">Trailer<\/a><\/p>\n<hr class=\"ttfmake-hr\" style=\"border-style: solid;border-top-width: 1px\" \/>\n<h3 id=\"toto\">Toto und seine Schwestern<\/h3>\n<p>Regie: Alexander Nanau, 2014 RO, H, CH, CAN<br \/>\nKamera: Alexander Nanau<\/p>\n<p><img loading=\"lazy\" decoding=\"async\" class=\"alignnone wp-image-7283 size-large\" src=\"https:\/\/blog.zhdk.ch\/zdok\/files\/2019\/01\/TOTO_AND_HIS_SISTERS_1-1240x529.jpg\" alt=\"\" width=\"960\" height=\"410\" \/><\/p>\n<p>Toto ist zehn Jahre alt und lebt mit seinen beiden \u00e4lteren Schwestern in einem verkommenen Teil von Bukarest. Die drei Kinder sind auf sich alleine gestellt, da die Mutter seit mehreren Jahren wegen Drogenhandels im Gef\u00e4ngnis sitzt. Die Wohnung der drei Kinder wird oft von Junkies belagert, weshalb sie sich kaum aus dieser miserablen Umgebung l\u00f6sen. Totos rettender Engel ist der Tanz, durch welchen er neue Hoffnung sch\u00f6pft, dem Elend zu entkommen.<\/p>\n<p><strong>&gt; ZDOK.19-Beitrag: <\/strong><a href=\"https:\/\/blog.zhdk.ch\/zdok\/2019\/alexander-nanau\/\">Alexander Nanau<\/a> sprach \u00fcber seinen Film <em>Toto und seine Schwestern <\/em>und \u00fcber die Eigenheiten der Personalunion von Regie und Kamera.<\/p>\n<p><strong>&gt;<\/strong> <a href=\"https:\/\/www.youtube.com\/watch?v=MXtjJbB1Oh4\" target=\"_blank\" rel=\"noopener noreferrer\">Trailer<\/a>\u00a0 | <strong>&gt;<\/strong> \u00a0<a href=\"https:\/\/nofilmschool.com\/2015\/04\/toto-and-his-sisters-blends-documentary-and-fiction-invisibly\" target=\"_blank\" rel=\"noopener noreferrer\">Interview mit Alexander Nanau<\/a><\/p>\n<hr class=\"ttfmake-hr\" style=\"border-style: solid;border-top-width: 1px\" \/>\n<h3 id=\"virgin\">Virgin Tales<\/h3>\n<p>Regie: Mirjam von Arx, CH 2012<br \/>\nKamera: Kirsten Johnson, Claudia Raschke<\/p>\n<p><img loading=\"lazy\" decoding=\"async\" class=\"size-large wp-image-7395 alignnone\" src=\"https:\/\/blog.zhdk.ch\/zdok\/files\/2019\/01\/Chad_Khrystian-1240x698.jpg\" alt=\"\" width=\"960\" height=\"540\" srcset=\"https:\/\/blog.zhdk.ch\/zdok\/files\/2019\/01\/Chad_Khrystian-1240x698.jpg 1240w, https:\/\/blog.zhdk.ch\/zdok\/files\/2019\/01\/Chad_Khrystian-300x169.jpg 300w, https:\/\/blog.zhdk.ch\/zdok\/files\/2019\/01\/Chad_Khrystian-768x432.jpg 768w, https:\/\/blog.zhdk.ch\/zdok\/files\/2019\/01\/Chad_Khrystian.jpg 1920w\" sizes=\"auto, (max-width: 960px) 100vw, 960px\" \/><\/p>\n<p>Die Gegenbewegung zur heutigen \u00fcbersexualisierten Gesellschaft: Evangelikale Christen aus den USA schw\u00f6ren Keuschheit vor der Eheschliessung. Regisseurin Mirjam von Arx hat f\u00fcr ihren Film zwei Jahre lang die neunk\u00f6pfige Familie Wilson, welche sogar einen Jungfrauen-Ball ins Leben gerufen hat, begleitet. Entstanden ist ein Portrait einer superreligi\u00f6sen utopischen Gesellschaft.<\/p>\n<p><strong>&gt; ZDOK.19-Beitrag<\/strong>: <a href=\"https:\/\/blog.zhdk.ch\/zdok\/2019\/mirjam-von-arx\/\">Mirjam von Arx<\/a> diskutierte mit <a href=\"https:\/\/blog.zhdk.ch\/zdok\/2019\/kirsten-johnson\/\">Kirsten Johnson<\/a> \u00fcber den Film <a href=\"https:\/\/blog.zhdk.ch\/zdok\/filme-2019\/\" target=\"_blank\" rel=\"noopener noreferrer\"><em>Cameraperson<\/em><\/a> und die Kameraarbeit bei <em>Virgin Tales<\/em>.<\/p>\n<p><strong>&gt;<\/strong> <a href=\"https:\/\/www.youtube.com\/watch?v=n-cj0_-zy_U\" target=\"_blank\" rel=\"noopener noreferrer\">Trailer<\/a> \u00a0| <strong>&gt;<\/strong> \u00a0<a href=\"https:\/\/virgintales.com\" target=\"_blank\" rel=\"noopener noreferrer\">Webseite<\/a> \u00a0| \u00a0<strong>&gt; Online auf:<\/strong>\u00a0<a href=\"https:\/\/www.lekino.ch\/de\/films\/virgin-tales\">lekino.ch<\/a> (Sfr. 3.50)<\/p>\n<hr class=\"ttfmake-hr\" style=\"border-style: solid;border-top-width: 1px\" \/>\n<h3 id=\"war\">War Photographer<\/h3>\n<p>Regie: Christian Frei, CH 2001<br \/>\nKamera: Peter Indergand<\/p>\n<p><img loading=\"lazy\" decoding=\"async\" class=\"wp-image-7293 size-large alignnone\" src=\"https:\/\/blog.zhdk.ch\/zdok\/files\/2019\/01\/warphoto_02-1240x700.jpg\" alt=\"\" width=\"960\" height=\"542\" srcset=\"https:\/\/blog.zhdk.ch\/zdok\/files\/2019\/01\/warphoto_02-1240x700.jpg 1240w, https:\/\/blog.zhdk.ch\/zdok\/files\/2019\/01\/warphoto_02-300x169.jpg 300w, https:\/\/blog.zhdk.ch\/zdok\/files\/2019\/01\/warphoto_02-768x434.jpg 768w, https:\/\/blog.zhdk.ch\/zdok\/files\/2019\/01\/warphoto_02.jpg 1417w\" sizes=\"auto, (max-width: 960px) 100vw, 960px\" \/><\/p>\n<p>James Nachtwey wurde 1948 in Massachusetts geboren und studierte Kunstgeschichte und Politikwissenschaft. Ab 1980 arbeitete der eher zur\u00fcckhaltende Nachtwey als freischaffender Fotograf und hat sich seither ein internationales Renommee als Kriegsfotograf erarbeitet. F\u00fcr War Photographer wurde Nachtwey eine Mini-Cam auf den Fotoapparat geschraubt, wodurch dem Zuschauer der direkte und schonungslose Blick auf das Umfeld und die Arbeit in einem Kriegsgebiet erlaubt wird. Neben der Dokumentation des Arbeitsalltags von Nachtwey, hinterfragt der Film gleichzeitig die Mechanismen der Massenmedien, welcher auch Nachtweys eindr\u00fcckliche Arbeiten unterlegen sind.<\/p>\n<p><strong>&gt; ZDOK.19-Beitrag: <\/strong><a href=\"https:\/\/blog.zhdk.ch\/zdok\/2019\/7095\/\">Christian Frei<\/a> und <a href=\"https:\/\/blog.zhdk.ch\/zdok\/2019\/peter-indergand\/\">Peter Indergand<\/a> sprachen gemeinsam \u00fcber visuelle Konzepte und Kamerahaltungen.<\/p>\n<p><strong>&gt;<\/strong> <a href=\"https:\/\/www.youtube.com\/watch?v=doV8xokcTuo\" target=\"_blank\" rel=\"noopener noreferrer\">Trailer<\/a>\u00a0 \u0399 \u00a0<strong>&gt;<\/strong>\u00a0<a href=\"http:\/\/www.war-photographer.com\/de\/\" target=\"_blank\" rel=\"noopener noreferrer\">Website<\/a><\/p>\n<hr class=\"ttfmake-hr\" style=\"border-style: solid;border-top-width: 1px\" \/>\n<h3>VR-Ausstellung<\/h3>\n<p>After Solitary (Emblematic, 2017)<\/p>\n<p><img loading=\"lazy\" decoding=\"async\" class=\"alignleft size-full wp-image-8403\" src=\"https:\/\/blog.zhdk.ch\/zdok\/files\/2019\/02\/AfterSolitary.jpg\" alt=\"\" width=\"1280\" height=\"720\" srcset=\"https:\/\/blog.zhdk.ch\/zdok\/files\/2019\/02\/AfterSolitary.jpg 1280w, https:\/\/blog.zhdk.ch\/zdok\/files\/2019\/02\/AfterSolitary-300x169.jpg 300w, https:\/\/blog.zhdk.ch\/zdok\/files\/2019\/02\/AfterSolitary-768x432.jpg 768w, https:\/\/blog.zhdk.ch\/zdok\/files\/2019\/02\/AfterSolitary-1240x698.jpg 1240w\" sizes=\"auto, (max-width: 1280px) 100vw, 1280px\" \/><\/p>\n<p>&nbsp;<\/p>\n<p>&nbsp;<\/p>\n<p>&nbsp;<\/p>\n<p>Der Hauptprotagonist Kenny Moore verbrachte 20 Jahre in US-Gef\u00e4ngnissen, wovon f\u00fcnf Jahre in Isolationshaft. F\u00fcr die immersive VR-Erfahrung <em>After Solitary<\/em> wurde er mit Hilfe videogrammetrischer Verfahren aufgenommen. So entstanden von ihm bewegte, fotorealistische 3D-Modelle. Mit der VR-Brille k\u00f6nnen die Nutzer\/innen auf ihn zu und um ihn herumgehen, w\u00e4hrend er seine Geschichte erz\u00e4hlt. Die enge Gef\u00e4ngniszelle und Kennys ebenso enge Wohnung wurden mit fotogrammetrischen Aufnahmeverfahren separat erfasst und in 3D-Computerprogrammen mit seinem bewegten K\u00f6rpermodell zusammengef\u00fcgt.<\/p>\n<p>Die Produzentin Nonny de la Pe\u00f1a (Emblematic Film, Los Angeles) ist eine Promoterin des immersiven Journalismus und gilt als \u00abGodmother\u2019of Virtual Reality\u00bb (The Guardian). Mit VR-Erfahrungen will sie aktuelle Gesellschaftsprobleme f\u00fcr die Nutzer\/innern und k\u00f6rperlich und emotional erfahrbar machen. Bei ZDOK.17 war ihre Produktion <em>Project Syria<\/em> (2013) zu sehen. Weitere wichtige Produktionen sind <em>Hunger in L.A.<\/em> (2012), <em>Accross the Line<\/em> (2016)<em> Out of Exile<\/em> (2017)<\/p>\n<p><strong>&gt; An der Tagung ZDOK.19<\/strong> ging Christian Iseli in seinem Einf\u00fchrungsreferat auf <em>After Solitary\u00a0<\/em>und auf volumetrische Aufnahmeverfahren ein.<\/p>\n<hr class=\"ttfmake-hr\" style=\"border-style: solid;border-top-width: 1px\" \/>\n<h4><strong>&gt; <a href=\"https:\/\/blog.zhdk.ch\/zdok\/gaeste-2019\/\">G\u00c4STE <\/a>\u00a0| \u00a0&gt; <a href=\"https:\/\/blog.zhdk.ch\/zdok\/files\/2019\/03\/ZDOK19_Programm190308de.pdf\">PROGRAMM<\/a>\u00a0 | \u00a0&gt; <a href=\"https:\/\/blog.zhdk.ch\/zdok\/files\/2019\/03\/LageplanZDOK19.pdf\">LAGEPLAN<\/a> \u00a0| \u00a0<\/strong><strong>&gt; <a href=\"https:\/\/blog.zhdk.ch\/zdok\/\">ZDOK<\/a><\/strong><\/h4>\n","protected":false},"excerpt":{"rendered":"<p>Cameraperson Regie: Kirsten Johnson, USA 2016 Kamera: Kirsten Johnson Mit Cameraperson nimmt Kirsten Johnson die Zuschauer\/innen mit auf eine autobiografische Reise. Die f\u00fchrt nicht nur durch kulturell unterschiedliche Regionen \u2013 \u00fcber Bosnien nach Nigeria \u2013 sondern auch zu komplexen Situationen zwischen ihr, der Kameraperson, und den Motiven, den Protagonisten, dem Gesehenen. Der Film kommt als &hellip;<\/p>\n","protected":false},"author":3675,"featured_media":0,"parent":0,"menu_order":0,"comment_status":"closed","ping_status":"closed","template":"","meta":{"footnotes":""},"class_list":["post-7273","page","type-page","status-publish","hentry"],"_links":{"self":[{"href":"https:\/\/blog.zhdk.ch\/zdok\/wp-json\/wp\/v2\/pages\/7273","targetHints":{"allow":["GET"]}}],"collection":[{"href":"https:\/\/blog.zhdk.ch\/zdok\/wp-json\/wp\/v2\/pages"}],"about":[{"href":"https:\/\/blog.zhdk.ch\/zdok\/wp-json\/wp\/v2\/types\/page"}],"author":[{"embeddable":true,"href":"https:\/\/blog.zhdk.ch\/zdok\/wp-json\/wp\/v2\/users\/3675"}],"replies":[{"embeddable":true,"href":"https:\/\/blog.zhdk.ch\/zdok\/wp-json\/wp\/v2\/comments?post=7273"}],"version-history":[{"count":118,"href":"https:\/\/blog.zhdk.ch\/zdok\/wp-json\/wp\/v2\/pages\/7273\/revisions"}],"predecessor-version":[{"id":12488,"href":"https:\/\/blog.zhdk.ch\/zdok\/wp-json\/wp\/v2\/pages\/7273\/revisions\/12488"}],"wp:attachment":[{"href":"https:\/\/blog.zhdk.ch\/zdok\/wp-json\/wp\/v2\/media?parent=7273"}],"curies":[{"name":"wp","href":"https:\/\/api.w.org\/{rel}","templated":true}]}}