{"id":6481,"date":"2026-02-08T11:58:29","date_gmt":"2026-02-08T11:58:29","guid":{"rendered":"https:\/\/blog.zhdk.ch\/zfiction\/?page_id=6481"},"modified":"2026-03-11T13:49:47","modified_gmt":"2026-03-11T13:49:47","slug":"info","status":"publish","type":"page","link":"https:\/\/blog.zhdk.ch\/zfiction\/info\/","title":{"rendered":"INFO"},"content":{"rendered":"<p>Die Z\u00fcrcher Spielfilmtagung ist eine Veranstaltung des <a href=\"https:\/\/www.zhdk.ch\/ipf\">Institute for the Performing Arts and Film<\/a>\u00a0in Zusammenarbeit mit der <a href=\"https:\/\/www.zhdk.ch\/film\">Fachrichtung Film<\/a> der ZHdK. Die Tagung findet auf der B\u00fchne A des\u00a0Theater der K\u00fcnste (Gessnerallee 9, 8001 Z\u00fcrich, Schweiz) statt.<\/p>\n<p><strong>Vorverkauf<br \/>\n<\/strong>Der Ticketvorverkauf ist beendet. Einzelne Tickets k\u00f6nnen an der Tageskasse erworben werden.<\/p>\n<p><strong>Preise<\/strong><br \/>\nZFICTION-Ticket (2 Tage) = CHF 130;<br \/>\nreduzierter Tarif f\u00fcr externe Studierende (nur mit g\u00fcltiger Legi) = CHF 80.<\/p>\n<p>ZFICTION-Tagespass (1 Tag) = CHF 90;<br \/>\nreduzierter Tarif f\u00fcr externe Studierende (nur mit g\u00fcltiger Legi) = CHF 50.<\/p>\n<p>ZHdK-Angeh\u00f6rige (nur mit ZHdK-Ausweis) = CHF 0.<\/p>\n<p><strong>Tageskasse<\/strong><br \/>\nWenige Tickets k\u00f6nnen direkt an der Tageskasse gekauft werden (je nach Verf\u00fcgbarkeit, Platzzahl beschr\u00e4nkt). ACHTUNG: Nur Kartenzahlung m\u00f6glich.<\/p>\n<p><strong>Sprache<br \/>\n<\/strong>Die Beitr\u00e4ge von ZFICTION.26 werden auf English sein.<\/p>\n<p><strong>Forschung und Film<br \/>\n<\/strong>Am <a href=\"https:\/\/www.zhdk.ch\/forschung\/ipf\/filmwissen\">Forschungsschwerpunkt Film<\/a> der ZHdK wird eine praxisorientierte Forschung und eine fachliche Debatte \u00fcber aktuelle Formen des Filmschaffens vorangetrieben. Ab 2021 wird der bisherigen\u00a0internationalen Dokumentarfilmtagung <a href=\"http:\/\/www.zdok.ch\">ZDOK<\/a> die Spielfilmtagung <a href=\"http:\/\/www.zfiction.ch\">ZFICTION<\/a> zur Seite gestellt. Die Zwillingstagungen finden abwechselnd im zweij\u00e4hrigen Rhythmus statt und suchen die Auseinandersetzung mit Themen aus unterschiedlichen Perspektiven. Filmschaffende legen mit ihren Werken und mit Referaten unverwechselbare Haltungen und Arbeitsmethoden dar, w\u00e4hrend Filmwissenschaftler\/innen das jeweilige Tagungsthema aus theoretischer Sicht beleuchten. Diskussionsrunden f\u00fchren die beiden Blickwinkel zusammen.<\/p>\n<p><strong>Presse<br \/>\n<\/strong>F\u00fcr Presseanfragen und Presseakkreditierungen wenden sie sich bitte an <a href=\"mailto:zfiction.info@zhdk.ch\">zfiction.info@zhdk.ch<\/a>.<\/p>\n<p><strong>Redaktionsgruppe ZF26<br \/>\n<\/strong>Mike Schaerer (Leitung), Miriam Loertscher, Silke Fischer, Georg Bringolf<\/p>\n<p><strong>Kontakt: <\/strong>zfiction.info(at)zhdk.ch<\/p>\n<p><strong>Anreise<\/strong><br \/>\nTheater der K\u00fcnste, B\u00fchne A, Gessnerallee 9, 8001 Z\u00fcrich \u00a0| \u00a0<a href=\"https:\/\/maps.app.goo.gl\/Zxi56xAHduUXzGy96\">maps.google<\/a><\/p>\n<hr class=\"ttfmake-hr\" style=\"border-style: solid;border-top-width: 1px\" \/>\n<p><a href=\"https:\/\/blog.zhdk.ch\/zfiction\/files\/2026\/03\/Plaene_ZF24_quer3-scaled.jpg\"><img loading=\"lazy\" decoding=\"async\" class=\"alignnone  wp-image-7109\" src=\"https:\/\/blog.zhdk.ch\/zfiction\/files\/2026\/03\/Plaene_ZF24_quer3-300x212.jpg\" alt=\"\" width=\"732\" height=\"517\" srcset=\"https:\/\/blog.zhdk.ch\/zfiction\/files\/2026\/03\/Plaene_ZF24_quer3-300x212.jpg 300w, https:\/\/blog.zhdk.ch\/zfiction\/files\/2026\/03\/Plaene_ZF24_quer3-1024x724.jpg 1024w, https:\/\/blog.zhdk.ch\/zfiction\/files\/2026\/03\/Plaene_ZF24_quer3-768x543.jpg 768w, https:\/\/blog.zhdk.ch\/zfiction\/files\/2026\/03\/Plaene_ZF24_quer3-1536x1086.jpg 1536w, https:\/\/blog.zhdk.ch\/zfiction\/files\/2026\/03\/Plaene_ZF24_quer3-2048x1448.jpg 2048w\" sizes=\"auto, (max-width: 732px) 100vw, 732px\" \/><\/a><\/p>\n<p><a href=\"https:\/\/blog.zhdk.ch\/zfiction\/files\/2026\/03\/Plaene_ZF24_quer4-scaled.jpg\"><img loading=\"lazy\" decoding=\"async\" class=\"alignnone  wp-image-7111\" src=\"https:\/\/blog.zhdk.ch\/zfiction\/files\/2026\/03\/Plaene_ZF24_quer4-300x212.jpg\" alt=\"\" width=\"732\" height=\"517\" srcset=\"https:\/\/blog.zhdk.ch\/zfiction\/files\/2026\/03\/Plaene_ZF24_quer4-300x212.jpg 300w, https:\/\/blog.zhdk.ch\/zfiction\/files\/2026\/03\/Plaene_ZF24_quer4-1024x724.jpg 1024w, https:\/\/blog.zhdk.ch\/zfiction\/files\/2026\/03\/Plaene_ZF24_quer4-768x543.jpg 768w, https:\/\/blog.zhdk.ch\/zfiction\/files\/2026\/03\/Plaene_ZF24_quer4-1536x1086.jpg 1536w, https:\/\/blog.zhdk.ch\/zfiction\/files\/2026\/03\/Plaene_ZF24_quer4-2048x1448.jpg 2048w\" sizes=\"auto, (max-width: 732px) 100vw, 732px\" \/><\/a><\/p>\n","protected":false},"excerpt":{"rendered":"<p>Die Z\u00fcrcher Spielfilmtagung ist eine Veranstaltung des Institute for the Performing Arts and Film\u00a0in Zusammenarbeit mit der Fachrichtung Film der ZHdK. Die Tagung findet auf der B\u00fchne A des\u00a0Theater der K\u00fcnste (Gessnerallee 9, 8001 Z\u00fcrich, Schweiz) statt. Vorverkauf Der Ticketvorverkauf ist beendet. Einzelne Tickets k\u00f6nnen an der Tageskasse erworben werden. Preise ZFICTION-Ticket (2 Tage) = &hellip;<\/p>\n","protected":false},"author":6954,"featured_media":0,"parent":0,"menu_order":0,"comment_status":"closed","ping_status":"closed","template":"","meta":{"footnotes":""},"class_list":["post-6481","page","type-page","status-publish","hentry"],"_links":{"self":[{"href":"https:\/\/blog.zhdk.ch\/zfiction\/wp-json\/wp\/v2\/pages\/6481","targetHints":{"allow":["GET"]}}],"collection":[{"href":"https:\/\/blog.zhdk.ch\/zfiction\/wp-json\/wp\/v2\/pages"}],"about":[{"href":"https:\/\/blog.zhdk.ch\/zfiction\/wp-json\/wp\/v2\/types\/page"}],"author":[{"embeddable":true,"href":"https:\/\/blog.zhdk.ch\/zfiction\/wp-json\/wp\/v2\/users\/6954"}],"replies":[{"embeddable":true,"href":"https:\/\/blog.zhdk.ch\/zfiction\/wp-json\/wp\/v2\/comments?post=6481"}],"version-history":[{"count":7,"href":"https:\/\/blog.zhdk.ch\/zfiction\/wp-json\/wp\/v2\/pages\/6481\/revisions"}],"predecessor-version":[{"id":7117,"href":"https:\/\/blog.zhdk.ch\/zfiction\/wp-json\/wp\/v2\/pages\/6481\/revisions\/7117"}],"wp:attachment":[{"href":"https:\/\/blog.zhdk.ch\/zfiction\/wp-json\/wp\/v2\/media?parent=6481"}],"curies":[{"name":"wp","href":"https:\/\/api.w.org\/{rel}","templated":true}]}}