{"id":6789,"date":"2026-02-08T11:33:28","date_gmt":"2026-02-08T11:33:28","guid":{"rendered":"https:\/\/blog.zhdk.ch\/zfiction\/?page_id=6789"},"modified":"2026-02-09T07:26:38","modified_gmt":"2026-02-09T07:26:38","slug":"ticketing","status":"publish","type":"page","link":"https:\/\/blog.zhdk.ch\/zfiction\/ticketing\/","title":{"rendered":"Ticketing"},"content":{"rendered":"<h3><a href=\"https:\/\/eventfrog.ch\/de\/p\/wissenschaft-und-technik\/zfiction-26-4-zuercher-spielfilmtagung-7407332791065524788.html\">&gt;&gt; TICKETS HIER KAUFEN<\/a><\/h3>\n<p>&nbsp;<\/p>\n<p><strong>Vorverkauf<br \/>\n<\/strong>Der Ticketvorverkauf l\u00e4uft bis zum 11. M\u00e4rz 2026 um 12 Uhr.<\/p>\n<p><strong>Preise<\/strong><br \/>\nZFICTION-Ticket (2 Tage) = CHF 130;<br \/>\nreduzierter Tarif f\u00fcr externe Studierende (nur mit g\u00fcltiger Legi) = CHF 80.<\/p>\n<p>ZFICTION-Tagespass (1 Tag) = CHF 90;<br \/>\nreduzierter Tarif f\u00fcr externe Studierende (nur mit g\u00fcltiger Legi) = CHF 50.<\/p>\n<p>ZHdK-Angeh\u00f6rige (nur mit ZHdK-Ausweis) = CHF 0.<\/p>\n<p><strong>Tageskasse<\/strong><br \/>\nWenige Tickets k\u00f6nnen direkt an der Tageskasse gekauft werden (je nach Verf\u00fcgbarkeit, Platzzahl beschr\u00e4nkt). ACHTUNG: Nur Kartenzahlung m\u00f6glich.<\/p>\n<p><strong>Sprache<br \/>\n<\/strong>Die Beitr\u00e4ge von ZFICTION.26 werden auf English sein.<\/p>\n<p>&nbsp;<\/p>\n<h3><a href=\"https:\/\/blog.zhdk.ch\/zfiction\/\">HOME<\/a> | <a href=\"https:\/\/blog.zhdk.ch\/zfiction\/zeitplan-zfiction-26\/\">ZEITPLAn<\/a> | <a href=\"https:\/\/blog.zhdk.ch\/zfiction\/programm-zfiction-26\/\">PROGRAMM<\/a><\/h3>\n","protected":false},"excerpt":{"rendered":"<p>&gt;&gt; TICKETS HIER KAUFEN &nbsp; Vorverkauf Der Ticketvorverkauf l\u00e4uft bis zum 11. M\u00e4rz 2026 um 12 Uhr. Preise ZFICTION-Ticket (2 Tage) = CHF 130; reduzierter Tarif f\u00fcr externe Studierende (nur mit g\u00fcltiger Legi) = CHF 80. ZFICTION-Tagespass (1 Tag) = CHF 90; reduzierter Tarif f\u00fcr externe Studierende (nur mit g\u00fcltiger Legi) = CHF 50. ZHdK-Angeh\u00f6rige &hellip;<\/p>\n","protected":false},"author":6337,"featured_media":0,"parent":0,"menu_order":0,"comment_status":"closed","ping_status":"closed","template":"","meta":{"footnotes":""},"class_list":["post-6789","page","type-page","status-publish","hentry"],"_links":{"self":[{"href":"https:\/\/blog.zhdk.ch\/zfiction\/wp-json\/wp\/v2\/pages\/6789","targetHints":{"allow":["GET"]}}],"collection":[{"href":"https:\/\/blog.zhdk.ch\/zfiction\/wp-json\/wp\/v2\/pages"}],"about":[{"href":"https:\/\/blog.zhdk.ch\/zfiction\/wp-json\/wp\/v2\/types\/page"}],"author":[{"embeddable":true,"href":"https:\/\/blog.zhdk.ch\/zfiction\/wp-json\/wp\/v2\/users\/6337"}],"replies":[{"embeddable":true,"href":"https:\/\/blog.zhdk.ch\/zfiction\/wp-json\/wp\/v2\/comments?post=6789"}],"version-history":[{"count":6,"href":"https:\/\/blog.zhdk.ch\/zfiction\/wp-json\/wp\/v2\/pages\/6789\/revisions"}],"predecessor-version":[{"id":6901,"href":"https:\/\/blog.zhdk.ch\/zfiction\/wp-json\/wp\/v2\/pages\/6789\/revisions\/6901"}],"wp:attachment":[{"href":"https:\/\/blog.zhdk.ch\/zfiction\/wp-json\/wp\/v2\/media?parent=6789"}],"curies":[{"name":"wp","href":"https:\/\/api.w.org\/{rel}","templated":true}]}}