{"id":6595,"date":"2026-02-08T12:21:26","date_gmt":"2026-02-08T12:21:26","guid":{"rendered":"https:\/\/blog.zhdk.ch\/zfictionenglish\/?page_id=6595"},"modified":"2026-03-11T13:55:04","modified_gmt":"2026-03-11T13:55:04","slug":"info","status":"publish","type":"page","link":"https:\/\/blog.zhdk.ch\/zfictionenglish\/info\/","title":{"rendered":"INFO"},"content":{"rendered":"<h1 class=\"entry-title\">INFO<\/h1>\n<p>&nbsp;<\/p>\n<p>The Zurich Feature Film Conference is an event organised by the <a href=\"https:\/\/www.zhdk.ch\/ipf\">Institute for the Performing Arts and Film<\/a> in collaboration with the <a href=\"https:\/\/www.zhdk.ch\/film\">Film Department<\/a> of the Zurich University of the Arts. The conference will take place on Stage A of the Theater der K\u00fcnste (Gessnerallee 9, 8001 Zurich, Switzerland).<\/p>\n<p><strong>Ticketing<\/strong><br \/>\nAdvance ticket sales is closed. There is the possibility of purchasing tickets directly at the daily box office.<\/p>\n<p><strong>Pricing<\/strong><br \/>\nZFICTION ticket (2 Days) = CHF 130;<br \/>\nreduced rate for external students (only with student card) = CHF 80.<\/p>\n<p>ZFICTION day pass (1 Tag) = CHF 90;<br \/>\nreduced rate for external students (only with student card) = CHF 50.<\/p>\n<p>ZHdK members (staff and students) (only with ZHdK card) = CHF 0.<\/p>\n<p><strong>Box office<\/strong><br \/>\nThere is the possibility of purchasing tickets directly at the daily box office. ATTENTION: Only card payment possible.<\/p>\n<p><strong>Language<\/strong><br \/>\nThe talks at ZFICTION.26 will be in English.<\/p>\n<p><strong>Research and Film<\/strong><br \/>\nThe <a href=\"https:\/\/www.zhdk.ch\/film\">Research Focus Film<\/a>\u00a0of the ZHdK promotes practice-based research and a professional debate on current forms of filmmaking. Starting in 2020, the international documentary film conference <a href=\"http:\/\/www.zdok.ch\">ZDOK<\/a> is joined by the fiction film conference <a href=\"http:\/\/www.zfiction.ch\">ZFICTION<\/a>. The twin conferences take place alternately every two years and seek to address relevant topics from different perspectives: Filmmakers present their works and give lectures on their distinctive attitudes and working methods, while film scholars examine the conference topic from a theoretical point of view. Discussion panels bring the two perspectives together.<\/p>\n<p><strong>Press<\/strong><br \/>\nFor press enquiries and press accreditation, please contact <a href=\"zfiction.info@zhdk.ch\">zfiction.info@zhdk.ch<\/a>.<\/p>\n<p><strong>Editorial Group ZF26<\/strong><br \/>\nMike Schaerer (Leitung), Miriam Loertscher, Silke Fischer, Georg Bringolf<\/p>\n<p><strong>Contact:\u00a0<\/strong>zfiction.info(at)zhdk.ch<\/p>\n<p><strong>Directions<\/strong><br \/>\nTheater der K\u00fcnste, B\u00fchne A, Gessnerallee 9, 8001 Z\u00fcrich \u00a0| \u00a0<a href=\"https:\/\/maps.app.goo.gl\/Zxi56xAHduUXzGy96\">maps.google<\/a><\/p>\n<p><a href=\"https:\/\/blog.zhdk.ch\/zfictionenglish\/files\/2026\/03\/Plaene_ZF24_quer5-scaled.jpg\"><img loading=\"lazy\" decoding=\"async\" class=\"alignnone wp-image-7179\" src=\"https:\/\/blog.zhdk.ch\/zfictionenglish\/files\/2026\/03\/Plaene_ZF24_quer5-300x212.jpg\" alt=\"\" width=\"589\" height=\"416\" srcset=\"https:\/\/blog.zhdk.ch\/zfictionenglish\/files\/2026\/03\/Plaene_ZF24_quer5-300x212.jpg 300w, https:\/\/blog.zhdk.ch\/zfictionenglish\/files\/2026\/03\/Plaene_ZF24_quer5-1024x724.jpg 1024w, https:\/\/blog.zhdk.ch\/zfictionenglish\/files\/2026\/03\/Plaene_ZF24_quer5-768x543.jpg 768w, https:\/\/blog.zhdk.ch\/zfictionenglish\/files\/2026\/03\/Plaene_ZF24_quer5-1536x1086.jpg 1536w, https:\/\/blog.zhdk.ch\/zfictionenglish\/files\/2026\/03\/Plaene_ZF24_quer5-2048x1448.jpg 2048w\" sizes=\"auto, (max-width: 589px) 100vw, 589px\" \/><\/a><\/p>\n<p><a href=\"https:\/\/blog.zhdk.ch\/zfictionenglish\/files\/2026\/03\/Plaene_ZF24_quer6-scaled.jpg\"><img loading=\"lazy\" decoding=\"async\" class=\"alignnone wp-image-7181\" src=\"https:\/\/blog.zhdk.ch\/zfictionenglish\/files\/2026\/03\/Plaene_ZF24_quer6-300x212.jpg\" alt=\"\" width=\"587\" height=\"415\" srcset=\"https:\/\/blog.zhdk.ch\/zfictionenglish\/files\/2026\/03\/Plaene_ZF24_quer6-300x212.jpg 300w, https:\/\/blog.zhdk.ch\/zfictionenglish\/files\/2026\/03\/Plaene_ZF24_quer6-1024x724.jpg 1024w, https:\/\/blog.zhdk.ch\/zfictionenglish\/files\/2026\/03\/Plaene_ZF24_quer6-768x543.jpg 768w, https:\/\/blog.zhdk.ch\/zfictionenglish\/files\/2026\/03\/Plaene_ZF24_quer6-1536x1086.jpg 1536w, https:\/\/blog.zhdk.ch\/zfictionenglish\/files\/2026\/03\/Plaene_ZF24_quer6-2048x1448.jpg 2048w\" sizes=\"auto, (max-width: 587px) 100vw, 587px\" \/><\/a><\/p>\n","protected":false},"excerpt":{"rendered":"<p>INFO &nbsp; The Zurich Feature Film Conference is an event organised by the Institute for the Performing Arts and Film in collaboration with the Film Department of the Zurich University of the Arts. The conference will take place on Stage A of the Theater der K\u00fcnste (Gessnerallee 9, 8001 Zurich, Switzerland). Ticketing Advance ticket sales &hellip;<\/p>\n","protected":false},"author":6954,"featured_media":0,"parent":0,"menu_order":0,"comment_status":"closed","ping_status":"closed","template":"","meta":{"footnotes":""},"class_list":["post-6595","page","type-page","status-publish","hentry"],"_links":{"self":[{"href":"https:\/\/blog.zhdk.ch\/zfictionenglish\/wp-json\/wp\/v2\/pages\/6595","targetHints":{"allow":["GET"]}}],"collection":[{"href":"https:\/\/blog.zhdk.ch\/zfictionenglish\/wp-json\/wp\/v2\/pages"}],"about":[{"href":"https:\/\/blog.zhdk.ch\/zfictionenglish\/wp-json\/wp\/v2\/types\/page"}],"author":[{"embeddable":true,"href":"https:\/\/blog.zhdk.ch\/zfictionenglish\/wp-json\/wp\/v2\/users\/6954"}],"replies":[{"embeddable":true,"href":"https:\/\/blog.zhdk.ch\/zfictionenglish\/wp-json\/wp\/v2\/comments?post=6595"}],"version-history":[{"count":11,"href":"https:\/\/blog.zhdk.ch\/zfictionenglish\/wp-json\/wp\/v2\/pages\/6595\/revisions"}],"predecessor-version":[{"id":7187,"href":"https:\/\/blog.zhdk.ch\/zfictionenglish\/wp-json\/wp\/v2\/pages\/6595\/revisions\/7187"}],"wp:attachment":[{"href":"https:\/\/blog.zhdk.ch\/zfictionenglish\/wp-json\/wp\/v2\/media?parent=6595"}],"curies":[{"name":"wp","href":"https:\/\/api.w.org\/{rel}","templated":true}]}}