{"id":4,"date":"2015-01-12T12:40:30","date_gmt":"2015-01-12T12:40:30","guid":{"rendered":"https:\/\/blog.zhdk.ch\/zh4k\/?page_id=2"},"modified":"2015-05-05T06:38:36","modified_gmt":"2015-05-05T06:38:36","slug":"beispiel-seite","status":"publish","type":"page","link":"https:\/\/blog.zhdk.ch\/zh4k\/beispiel-seite\/","title":{"rendered":"About"},"content":{"rendered":"<p style=\"text-align: left\">Mehr als die H\u00e4lfte der Menschheit lebt in St\u00e4dten, weshalb oft vom 21. Jahrhundert als dem \u201eJahrhundert der St\u00e4dte\u201c gesprochen wird. Die Anziehungskraft der St\u00e4dte wird meist \u00f6konomisch begr\u00fcndet und umfasst in diesem Kontext nicht nur eine Vielzahl von eng beieinander lebenden Menschen, sondern auch die daraus resultierende Konzentration von Problemen, seien diese nun \u00f6kologischer, \u00f6konomischer oder sozialer Natur. Aber es gibt einen weiteren, zentralen Aspekt: St\u00e4dte produzieren Bilder und Geschichten, Symbole Mythen, Metaphern. Ihre beinahe magnetische Anziehungskraft beruht zu einem guten Teil auf diesem \u00dcberschuss an Bedeutung, der den St\u00e4dten eine gesellschaftliche Vorreiterrolle, eine kulturelle Orientierungsfunktion verschafft. Hier entstehen neue Arbeits- und Lebensformen, neue Formen von Mobilit\u00e4t und Wohnen, neue Kulturen und K\u00fcnste. Die Bilder des Schmelztiegels oder des Labors dr\u00fccken trefflich aus, was wir an Potentialen sehen, die in der Stadt als Lebens- und Existenzform liegen.<\/p>\n<p style=\"text-align: left\">Die Stadt des 21. Jahrhunderts ist auch eine Sammlung von Potentialen, ein Hoffnungstr\u00e4ger, der permanent neue Bilder und Metaphern erzeugt, gleichzeitig selbst auch eine Metapher f\u00fcr Hoffnungen und \u00c4ngste der gesamten Gesellschaft darstellt. Diesem sch\u00f6pferischen Potential der Stadt zwischen k\u00fcnstlerischer Praxis, Lebenswelt und theoretischer Forschung und Planung ist das Jahresprojekt \u201eMetaphern der Stadt\u201c gewidmet.<\/p>\n<p style=\"text-align: left\">\n<p><a href=\"https:\/\/blog.zhdk.ch\/zh4k\/files\/2015\/01\/Ausschreibung-Jahresprojekt-Z\u00fcrich.pdf\">Ausschreibung Jahresprojekt Z\u00fcrich<\/a><\/p>\n<p>&nbsp;<\/p>\n<p><strong>Today, more than half of mankind lives in cities. It is for this reason, that the 21st century is often claimed the \u00bbcentury of cities\u00ab. The attraction of cities is usually explained as a result of economical development. This includes not only a wide variety of people living at close quarters, but also, as a result of that, a bunch of ecological, economical or social problems. In fact, there is another very fundamental aspect: Cities create images and stories, symbols, myths and metaphors. To a large extent, their force of attraction is based on this multitude of meaning. It creates a character of vanguard and cultural orientation. In cities, new forms of work and live, of mobility and habitation, new cultures and fields of art arise. Therefore, a\u00a0labatory or a crucible are\u00a0the\u00a0perfect\u00a0metaphors\u00a0for describing the capability of cities.<\/strong><\/p>\n<p><strong>The city of the 21st century is a collection of capabilities, a prophet that permanently creates new images and metaphors as well as it itself is a metaphor. A metaphor for hope and fear of the whole society. The annual project \u00bbMetaphern der Stadt\u00ab is dedicated to this huge creative potential that connects\u00a0artistic practice, environment and theoretical research. <\/strong><\/p>\n","protected":false},"excerpt":{"rendered":"<p>Mehr als die H\u00e4lfte der Menschheit lebt in St\u00e4dten, weshalb oft vom 21. Jahrhundert als dem \u201eJahrhundert der St\u00e4dte\u201c gesprochen wird. Die Anziehungskraft der St\u00e4dte wird meist \u00f6konomisch begr\u00fcndet und umfasst in diesem Kontext nicht nur eine Vielzahl von eng [&hellip;]<\/p>\n","protected":false},"author":1587,"featured_media":0,"parent":0,"menu_order":0,"comment_status":"open","ping_status":"closed","template":"template-custom.php","meta":{"footnotes":""},"class_list":["post-4","page","type-page","status-publish","hentry","dwtl normal"],"_links":{"self":[{"href":"https:\/\/blog.zhdk.ch\/zh4k\/wp-json\/wp\/v2\/pages\/4","targetHints":{"allow":["GET"]}}],"collection":[{"href":"https:\/\/blog.zhdk.ch\/zh4k\/wp-json\/wp\/v2\/pages"}],"about":[{"href":"https:\/\/blog.zhdk.ch\/zh4k\/wp-json\/wp\/v2\/types\/page"}],"author":[{"embeddable":true,"href":"https:\/\/blog.zhdk.ch\/zh4k\/wp-json\/wp\/v2\/users\/1587"}],"replies":[{"embeddable":true,"href":"https:\/\/blog.zhdk.ch\/zh4k\/wp-json\/wp\/v2\/comments?post=4"}],"version-history":[{"count":22,"href":"https:\/\/blog.zhdk.ch\/zh4k\/wp-json\/wp\/v2\/pages\/4\/revisions"}],"predecessor-version":[{"id":260,"href":"https:\/\/blog.zhdk.ch\/zh4k\/wp-json\/wp\/v2\/pages\/4\/revisions\/260"}],"wp:attachment":[{"href":"https:\/\/blog.zhdk.ch\/zh4k\/wp-json\/wp\/v2\/media?parent=4"}],"curies":[{"name":"wp","href":"https:\/\/api.w.org\/{rel}","templated":true}]}}