{"id":402,"date":"2015-05-05T08:35:02","date_gmt":"2015-05-05T08:35:02","guid":{"rendered":"https:\/\/blog.zhdk.ch\/zh4k\/?page_id=402"},"modified":"2015-05-18T12:50:46","modified_gmt":"2015-05-18T12:50:46","slug":"mockumentary-das-geheime-reisesystem-der-dole7","status":"publish","type":"page","link":"https:\/\/blog.zhdk.ch\/zh4k\/projektideen-der-studierenden\/mockumentary-das-geheime-reisesystem-der-dole7\/","title":{"rendered":"Mockumentary: \u00abDas geheime Reisesystem der Dole7\u00bb"},"content":{"rendered":"<p><em>Die Story:\u00a0<\/em>Die Dole gilt als unscheinbares Objekt urbaner Infrastruktur, dabei verbarg sich jahrzehntelang unter einigen von ihnen ein internationales Tunnelsystem, durch das in siebenfacher Schallgeschwindigkeit gereist werden konnte. Die letzten Beweise dieses geheimen unterirdischen Reisesystems werden gerade in Z\u00fcrich zerst\u00f6rt.\u00a0Jahrzehntelang verbarg sich unter einigen von ihnen ein internationales Tunnelsystem.\u00a0Die folgenden Aufnahmen des ehemaligen Koordinationsleiters der strenggeheimen Organisation \u00abDole7\u00bb zeigen, wie dieses System funktioniert hat, was die eigentliche Ziele und Absichten dieser Reisem\u00f6glichkeit waren, was daraus geworden ist und weshalb es zerst\u00f6rt wird. Daf\u00fcr reaktiviert er die letzte noch erhaltene Dolen-Verbindung zwischen Z\u00fcrich, Hamburg und HongKong. Genau diese Verbindung ist es auch, die ein Verst\u00e4ndnis zu dieser ungew\u00f6hnlichen Geschichte liefert.\u00a0Das Video prangert die Freiz\u00fcgigkeitspolitik der ersten Welt an. Unsere Reisefreiz\u00fcgigkeit und Visavergabe wird seit dem Ende des 19. Jahrhunderts von kapitalistischen und geopolitischen Entscheidern kontrolliert. Die Schweiz spielt dabei eine wichtige Rolle.\u00a0Geschichtlicher Ausgangspunkt ist Hamburg. Ballin und Hapag! Super Story im Kopf noch nicht auf Papier.\u00a0Ich habe noch keine Story f\u00fcr Hongkong. Vielleicht sowas wie es gibt jetzt so gute Abkommen zwischen Z\u00fcrich und HongKong, dass eine geheime Organisation nicht mehr n\u00f6tig ist.\u00a0Ende wieder in Z\u00fcrich. Haus st\u00fcrzt ein. Verweis auf Homepage.<\/p>\n<p>&nbsp;<\/p>\n<p><em>Die geheime Organisation \u00abDole7\u00bb:<\/em>\u00a0Der Name der Organisation setzt sich aus dem schweizerdeutschen Wort f\u00fcr Kanaldeckel und der Reisegeschwindigkeit Mach 7 zusammen. Es handelte sich um ein geheimes Staats- und Firmenkonglomerat, das zu den wichtigsten wirtschaftlichen Geheimnetzwerken weltweit geh\u00f6rt. In der Schweiz ist die Organisation dem Eidgen\u00f6ssischen Department f\u00fcr ausw\u00e4rtige Angelegenheiten (EDA), dem Ministerium f\u00fcr Staatssicherheiten und dem Dachverband der Schweizer Wirtschaft \u00abeconomie\u00adsuisse\u00bb unterstellt. Noch bis zum Ende des Jahres hat die Organisation ihren Hauptsitz in Z\u00fcrich. Ab 2016 sollen alle Dokumente, die Hinweise auf Dole7 geben zerst\u00f6rt werden.\u00a0Die Organisation h\u00e4lt momentan Kontakt zu 160 Firmen im In- und Ausland, die nach kapitalistischer Manier Profit erwirtschaften sollten. \u00dcber das Dolensystem wickelte die Schweiz Umgehungsgesch\u00e4fte mit verschiedenen Industriel\u00e4ndern ab. Zahlreiche Agenten waren in geheimer Mission unterwegs, um G\u00fcter zu verschieben und Devisen zu beschaffen. Die Schweiz kaufte \u00fcber Dolen7 Produkte ein, die das Land selber nicht herstellen konnte und die verschiedenen Kontrollgremien unterliegen: Etwa computergesteuerte Werkzeugmaschinen oder elektronische Bauteile f\u00fcr die Computer- und Waffenindustrie. Aber auch der Handel mit Antiquit\u00e4ten dubioser Herkunft, Technologieschiebereien sowie Geldw\u00e4sche kann \u00fcber Dole7 abgewickelt werden.<\/p>\n<p>&nbsp;<\/p>\n<p>Bruno Heller, Erika Untern\u00e4hrer, Nadia Canonica<\/p>\n<p>&nbsp;<\/p>\n<p>&nbsp;<\/p>\n<p>&nbsp;<\/p>\n<p>&nbsp;<\/p>\n<p>&nbsp;<\/p>\n","protected":false},"excerpt":{"rendered":"<p>Die Story:\u00a0Die Dole gilt als unscheinbares Objekt urbaner Infrastruktur, dabei verbarg sich jahrzehntelang unter einigen von ihnen ein internationales Tunnelsystem, durch das in siebenfacher Schallgeschwindigkeit gereist werden konnte. Die letzten Beweise dieses geheimen unterirdischen Reisesystems werden gerade in Z\u00fcrich zerst\u00f6rt.\u00a0Jahrzehntelang [&hellip;]<\/p>\n","protected":false},"author":2700,"featured_media":0,"parent":34,"menu_order":0,"comment_status":"open","ping_status":"open","template":"","meta":{"footnotes":""},"class_list":["post-402","page","type-page","status-publish","hentry","dwtl normal"],"_links":{"self":[{"href":"https:\/\/blog.zhdk.ch\/zh4k\/wp-json\/wp\/v2\/pages\/402","targetHints":{"allow":["GET"]}}],"collection":[{"href":"https:\/\/blog.zhdk.ch\/zh4k\/wp-json\/wp\/v2\/pages"}],"about":[{"href":"https:\/\/blog.zhdk.ch\/zh4k\/wp-json\/wp\/v2\/types\/page"}],"author":[{"embeddable":true,"href":"https:\/\/blog.zhdk.ch\/zh4k\/wp-json\/wp\/v2\/users\/2700"}],"replies":[{"embeddable":true,"href":"https:\/\/blog.zhdk.ch\/zh4k\/wp-json\/wp\/v2\/comments?post=402"}],"version-history":[{"count":4,"href":"https:\/\/blog.zhdk.ch\/zh4k\/wp-json\/wp\/v2\/pages\/402\/revisions"}],"predecessor-version":[{"id":490,"href":"https:\/\/blog.zhdk.ch\/zh4k\/wp-json\/wp\/v2\/pages\/402\/revisions\/490"}],"up":[{"embeddable":true,"href":"https:\/\/blog.zhdk.ch\/zh4k\/wp-json\/wp\/v2\/pages\/34"}],"wp:attachment":[{"href":"https:\/\/blog.zhdk.ch\/zh4k\/wp-json\/wp\/v2\/media?parent=402"}],"curies":[{"name":"wp","href":"https:\/\/api.w.org\/{rel}","templated":true}]}}