{"id":414,"date":"2015-05-05T08:39:29","date_gmt":"2015-05-05T08:39:29","guid":{"rendered":"https:\/\/blog.zhdk.ch\/zh4k\/?page_id=414"},"modified":"2015-05-05T08:39:29","modified_gmt":"2015-05-05T08:39:29","slug":"enter-transit-exit","status":"publish","type":"page","link":"https:\/\/blog.zhdk.ch\/zh4k\/projektideen-der-studierenden\/enter-transit-exit\/","title":{"rendered":"enter, transit, exit"},"content":{"rendered":"<div class=\"page\" title=\"Page 1\">\n<div class=\"layoutArea\">\n<div class=\"column\">\n<p>Das Toni-Areal als \u00bbStadt in der Stadt\u00ab \u2013 so wird es zumindest h\u00e4ufig von Architekten, Planern, nutzenden Hochschulen, aber auch Journalisten beschrieben \u2013 ist in seinen Nutzungen und Funktionen vielf\u00e4ltig. Die ArchitektInnen [EM2N] sprechen gar von einem \u00bbinneren Urbanismus\u00ab im Toni. Bei der Planung des Areals wurde ein besonderer Fokus auf eine starke Beziehung zwischen dem Drinnen und Drau\u00dfen gelegt. Den Eing\u00e4ngen des Toni-Areals kommt dabei eine wichtige, jedoch auch paradoxe Rolle zu. Sie bilden gleichzeitig eine Trennung als auch eine Verbindung von\/zu der Stadt. Mit welchen gestalterischen und st\u00e4dtebaulichen Elementen wird versucht eine Verbindung vom \u00e4u\u00dferen zum inneren Urbanismus herzustellen? Begleitet von Christopher Alexanders \u201eMustersprache\u201c und den Sichtweisen des franz\u00f6sischen Schriftstellers Georges Perec begeben wir uns auf einen fotographisch-essayistischer Rundgang in und um das Toni-Areal&#8230;<\/p>\n<p>&nbsp;<\/p>\n<p><strong>Inaugurated in September 2014 and often described as a \u2018city in the city \u2018 the former industrial building Toni-Areal in Zurich West is a multifunctional building, which not only hosts the Zurich University of the Arts (ZhdK) and parts oft he Zurich School of Applied Sciences but also a concert hall, a cinema, a museum and apartments. The architects [EM2N] even grant the building an \u2018inner urbanism\u2018. Therefore the planners put a strong focus on the relation between the interior and the exterior of the building. As a consequence the entrances and doorways play an important, but also paradoxical role; they are the connections to the city but at the same time, they also separate the inside from the outside. In our project, we explore the elements of urban design, which the architects and planners used to create the intended connection between the inner and external urban fabric and the atmosphere of these spaces? Guided by Christopher Alexander\u2019s \u2018Pattern Language\u2018 (1977) and the views of Georges Perec we will go on a photographic-essayistic tour through the Toni-Areal&#8230;<\/strong><\/p>\n<\/div>\n<p>&nbsp;<\/p>\n<p>Julia Zofia Lerch-Zaj\u0105czkowska, Lena Wolfart,\u00a0Nora Unger<\/p>\n<\/div>\n<\/div>\n","protected":false},"excerpt":{"rendered":"<p>Das Toni-Areal als \u00bbStadt in der Stadt\u00ab \u2013 so wird es zumindest h\u00e4ufig von Architekten, Planern, nutzenden Hochschulen, aber auch Journalisten beschrieben \u2013 ist in seinen Nutzungen und Funktionen vielf\u00e4ltig. Die ArchitektInnen [EM2N] sprechen gar von einem \u00bbinneren Urbanismus\u00ab im [&hellip;]<\/p>\n","protected":false},"author":2700,"featured_media":0,"parent":34,"menu_order":0,"comment_status":"open","ping_status":"open","template":"","meta":{"footnotes":""},"class_list":["post-414","page","type-page","status-publish","hentry","dwtl normal"],"_links":{"self":[{"href":"https:\/\/blog.zhdk.ch\/zh4k\/wp-json\/wp\/v2\/pages\/414","targetHints":{"allow":["GET"]}}],"collection":[{"href":"https:\/\/blog.zhdk.ch\/zh4k\/wp-json\/wp\/v2\/pages"}],"about":[{"href":"https:\/\/blog.zhdk.ch\/zh4k\/wp-json\/wp\/v2\/types\/page"}],"author":[{"embeddable":true,"href":"https:\/\/blog.zhdk.ch\/zh4k\/wp-json\/wp\/v2\/users\/2700"}],"replies":[{"embeddable":true,"href":"https:\/\/blog.zhdk.ch\/zh4k\/wp-json\/wp\/v2\/comments?post=414"}],"version-history":[{"count":1,"href":"https:\/\/blog.zhdk.ch\/zh4k\/wp-json\/wp\/v2\/pages\/414\/revisions"}],"predecessor-version":[{"id":416,"href":"https:\/\/blog.zhdk.ch\/zh4k\/wp-json\/wp\/v2\/pages\/414\/revisions\/416"}],"up":[{"embeddable":true,"href":"https:\/\/blog.zhdk.ch\/zh4k\/wp-json\/wp\/v2\/pages\/34"}],"wp:attachment":[{"href":"https:\/\/blog.zhdk.ch\/zh4k\/wp-json\/wp\/v2\/media?parent=414"}],"curies":[{"name":"wp","href":"https:\/\/api.w.org\/{rel}","templated":true}]}}