{"id":728,"date":"2015-06-28T17:04:11","date_gmt":"2015-06-28T17:04:11","guid":{"rendered":"https:\/\/blog.zhdk.ch\/zh4k\/?page_id=728"},"modified":"2015-07-01T13:12:46","modified_gmt":"2015-07-01T13:12:46","slug":"city-metaphors-work-in-progress-show-city-as-austerity","status":"publish","type":"page","link":"https:\/\/blog.zhdk.ch\/zh4k\/exhibition-connecting-space\/arbeiten-artworks\/city-metaphors-work-in-progress-show-city-as-austerity\/","title":{"rendered":"City as Austerity"},"content":{"rendered":"<div class=\"page\" title=\"Page 2\">\n<div class=\"layoutArea\">\n<div class=\"column\">\n<p>Haushaltsgegenst\u00e4nde wie M\u00f6bel oder Beh\u00e4lter organisieren zwar Raum, aber sie besetzen ihn auch. Angesichts der Tatsache, dass mir der Connecting Space f\u00fcr diese Ausstellung genau einen Quadratmeter Raum zur Verf\u00fcgung stellt, besetze ich diese Fl\u00e4che mit Haushaltsgegenst\u00e4nden von jemandem, der in einem gew\u00f6hnlichen Hong Konger Appartement lebt. Die Person musste entscheiden, welche Dinge sie f\u00fcr die Ausstellungsdauer von einer Woche entbehren konnte, im Austausch f\u00fcr einen zus\u00e4tzlichen Quadratmeter Nutzfl\u00e4che in ihrer Wohnung.<\/p>\n<p><strong>Household objects, such as furniture or containers, organize space but also occupy it. Considering that Connecting Space provides me exactly one square meter of floor space for this exhibition, I occupy this area\u00a0<span style=\"line-height: 1.428571429\">with household objects of someone who lives in a typical Hong Kong flat. That person had to choose what things he\/she could give away for the exhibition period for one week in exchange of an additional square meter of space in his\/her appartement.<\/span><\/strong><\/p>\n<p>Philipp Spillmann<\/p>\n<\/div>\n<\/div>\n<\/div>\n","protected":false},"excerpt":{"rendered":"<p>Haushaltsgegenst\u00e4nde wie M\u00f6bel oder Beh\u00e4lter organisieren zwar Raum, aber sie besetzen ihn auch. Angesichts der Tatsache, dass mir der Connecting Space f\u00fcr diese Ausstellung genau einen Quadratmeter Raum zur Verf\u00fcgung stellt, besetze ich diese Fl\u00e4che mit Haushaltsgegenst\u00e4nden von jemandem, der [&hellip;]<\/p>\n","protected":false},"author":2700,"featured_media":0,"parent":714,"menu_order":0,"comment_status":"open","ping_status":"open","template":"","meta":{"footnotes":""},"class_list":["post-728","page","type-page","status-publish","hentry","dwtl normal"],"_links":{"self":[{"href":"https:\/\/blog.zhdk.ch\/zh4k\/wp-json\/wp\/v2\/pages\/728","targetHints":{"allow":["GET"]}}],"collection":[{"href":"https:\/\/blog.zhdk.ch\/zh4k\/wp-json\/wp\/v2\/pages"}],"about":[{"href":"https:\/\/blog.zhdk.ch\/zh4k\/wp-json\/wp\/v2\/types\/page"}],"author":[{"embeddable":true,"href":"https:\/\/blog.zhdk.ch\/zh4k\/wp-json\/wp\/v2\/users\/2700"}],"replies":[{"embeddable":true,"href":"https:\/\/blog.zhdk.ch\/zh4k\/wp-json\/wp\/v2\/comments?post=728"}],"version-history":[{"count":5,"href":"https:\/\/blog.zhdk.ch\/zh4k\/wp-json\/wp\/v2\/pages\/728\/revisions"}],"predecessor-version":[{"id":1066,"href":"https:\/\/blog.zhdk.ch\/zh4k\/wp-json\/wp\/v2\/pages\/728\/revisions\/1066"}],"up":[{"embeddable":true,"href":"https:\/\/blog.zhdk.ch\/zh4k\/wp-json\/wp\/v2\/pages\/714"}],"wp:attachment":[{"href":"https:\/\/blog.zhdk.ch\/zh4k\/wp-json\/wp\/v2\/media?parent=728"}],"curies":[{"name":"wp","href":"https:\/\/api.w.org\/{rel}","templated":true}]}}