{"id":744,"date":"2015-06-28T17:08:10","date_gmt":"2015-06-28T17:08:10","guid":{"rendered":"https:\/\/blog.zhdk.ch\/zh4k\/?page_id=744"},"modified":"2015-07-01T13:00:53","modified_gmt":"2015-07-01T13:00:53","slug":"city-as-a-question-mark-dole-7","status":"publish","type":"page","link":"https:\/\/blog.zhdk.ch\/zh4k\/exhibition-connecting-space\/arbeiten-artworks\/city-as-a-question-mark-dole-7\/","title":{"rendered":"City as a Question Mark \u2013 \u201eDole 7\u201c"},"content":{"rendered":"<div class=\"page\" title=\"Page 4\">\n<div class=\"layoutArea\">\n<div class=\"column\">\n<p>Die Dole wird meistens als ein relativ unspektakul\u00e4res Objekt der urbanen Infrastruktur betrachtet. Wir vertrauen in ihre Funktionen, aber eigentlich wissen wir nur wenig \u00fcber die Welt, die unter ihr liegt. In der Mockumentary \u00bbDole 7\u00ab \u00f6ffnet die Dole einen Raum f\u00fcr Imagination. Was w\u00e4re, wenn sie der Eingang zu einem Hochgeschwindigkeits-Reisesystem w\u00e4re, in dem jeder Mensch ohne Grenzkontrolle und \u00dcberwachung zwischen Z\u00fcrich, Hamburg und Hong Kong hin und her reisen k\u00f6nnte?<\/p>\n<p><strong>The manhole cover (swiss german: Dole) is mostly regarded as an unspectacular object of urban infrastructure. We trust in its functions, but we know little about the world underneath it. In the mockumentary \u00bbDole 7\u00ab, the manhole cover opens up a space for imagination. What if it served as an entry to a secret high speed travel system, in which one could travel for free without border control and surveillance between Zurich, Hamburg,\u00a0and Hong Kong?<\/strong><br \/>\nNadia Canonica \/ Bruno Heller \/ Erika Untern\u00e4hrer<\/p>\n<\/div>\n<\/div>\n<\/div>\n","protected":false},"excerpt":{"rendered":"<p>Die Dole wird meistens als ein relativ unspektakul\u00e4res Objekt der urbanen Infrastruktur betrachtet. Wir vertrauen in ihre Funktionen, aber eigentlich wissen wir nur wenig \u00fcber die Welt, die unter ihr liegt. In der Mockumentary \u00bbDole 7\u00ab \u00f6ffnet die Dole einen [&hellip;]<\/p>\n","protected":false},"author":2700,"featured_media":0,"parent":714,"menu_order":0,"comment_status":"open","ping_status":"open","template":"","meta":{"footnotes":""},"class_list":["post-744","page","type-page","status-publish","hentry","dwtl normal"],"_links":{"self":[{"href":"https:\/\/blog.zhdk.ch\/zh4k\/wp-json\/wp\/v2\/pages\/744","targetHints":{"allow":["GET"]}}],"collection":[{"href":"https:\/\/blog.zhdk.ch\/zh4k\/wp-json\/wp\/v2\/pages"}],"about":[{"href":"https:\/\/blog.zhdk.ch\/zh4k\/wp-json\/wp\/v2\/types\/page"}],"author":[{"embeddable":true,"href":"https:\/\/blog.zhdk.ch\/zh4k\/wp-json\/wp\/v2\/users\/2700"}],"replies":[{"embeddable":true,"href":"https:\/\/blog.zhdk.ch\/zh4k\/wp-json\/wp\/v2\/comments?post=744"}],"version-history":[{"count":3,"href":"https:\/\/blog.zhdk.ch\/zh4k\/wp-json\/wp\/v2\/pages\/744\/revisions"}],"predecessor-version":[{"id":1054,"href":"https:\/\/blog.zhdk.ch\/zh4k\/wp-json\/wp\/v2\/pages\/744\/revisions\/1054"}],"up":[{"embeddable":true,"href":"https:\/\/blog.zhdk.ch\/zh4k\/wp-json\/wp\/v2\/pages\/714"}],"wp:attachment":[{"href":"https:\/\/blog.zhdk.ch\/zh4k\/wp-json\/wp\/v2\/media?parent=744"}],"curies":[{"name":"wp","href":"https:\/\/api.w.org\/{rel}","templated":true}]}}