{"id":756,"date":"2015-06-28T17:12:06","date_gmt":"2015-06-28T17:12:06","guid":{"rendered":"https:\/\/blog.zhdk.ch\/zh4k\/?page_id=756"},"modified":"2015-07-01T13:08:15","modified_gmt":"2015-07-01T13:08:15","slug":"city-as-a-trace","status":"publish","type":"page","link":"https:\/\/blog.zhdk.ch\/zh4k\/exhibition-connecting-space\/arbeiten-artworks\/city-as-a-trace\/","title":{"rendered":"City as a Trace"},"content":{"rendered":"<div class=\"page\" title=\"Page 6\">\n<div class=\"layoutArea\">\n<div class=\"column\">\n<p>Das City-Kit ist ein Projekt, bei dem Proben von Z\u00fcrich, Hamburg und Hong Kong gesammelt werden. Einheimische der\u00a0drei St\u00e4dte wurden angefragt, mithilfe des City-Kits ihre Umgebung zu dokumentieren. Das Kit bestand aus einer Anleitung, \u00a0Einwegkamera, Notizblock, Stift, USB-Stick, kleinen Plastiks\u00e4cken und Stickern. Die pr\u00e4sentierte Foto-Collage zeigt Impressionen verschiedener Teilnehmer aller drei St\u00e4dte.<\/p>\n<p><strong>\u201eCity Kit\u201c is a project gathering cultural probes from the three cities of Zurich, Hamburg and Hong Kong. Locals from all three cities have been asked to document their environments with the help of the City\u00a0Kit, consisting of an instruction book, a single-use camera, a note pad, a pencil, a USB-Stick, little plastic bags and stickers. The presented photo collage shows city impressions from several participants from Zurich, Hamburg, and Hong Kong.<\/strong><\/p>\n<p>Inbal Sharon<\/p>\n<\/div>\n<\/div>\n<\/div>\n","protected":false},"excerpt":{"rendered":"<p>Das City-Kit ist ein Projekt, bei dem Proben von Z\u00fcrich, Hamburg und Hong Kong gesammelt werden. Einheimische der\u00a0drei St\u00e4dte wurden angefragt, mithilfe des City-Kits ihre Umgebung zu dokumentieren. Das Kit bestand aus einer Anleitung, \u00a0Einwegkamera, Notizblock, Stift, USB-Stick, kleinen Plastiks\u00e4cken [&hellip;]<\/p>\n","protected":false},"author":2700,"featured_media":0,"parent":714,"menu_order":0,"comment_status":"open","ping_status":"open","template":"","meta":{"footnotes":""},"class_list":["post-756","page","type-page","status-publish","hentry","dwtl normal"],"_links":{"self":[{"href":"https:\/\/blog.zhdk.ch\/zh4k\/wp-json\/wp\/v2\/pages\/756","targetHints":{"allow":["GET"]}}],"collection":[{"href":"https:\/\/blog.zhdk.ch\/zh4k\/wp-json\/wp\/v2\/pages"}],"about":[{"href":"https:\/\/blog.zhdk.ch\/zh4k\/wp-json\/wp\/v2\/types\/page"}],"author":[{"embeddable":true,"href":"https:\/\/blog.zhdk.ch\/zh4k\/wp-json\/wp\/v2\/users\/2700"}],"replies":[{"embeddable":true,"href":"https:\/\/blog.zhdk.ch\/zh4k\/wp-json\/wp\/v2\/comments?post=756"}],"version-history":[{"count":4,"href":"https:\/\/blog.zhdk.ch\/zh4k\/wp-json\/wp\/v2\/pages\/756\/revisions"}],"predecessor-version":[{"id":1060,"href":"https:\/\/blog.zhdk.ch\/zh4k\/wp-json\/wp\/v2\/pages\/756\/revisions\/1060"}],"up":[{"embeddable":true,"href":"https:\/\/blog.zhdk.ch\/zh4k\/wp-json\/wp\/v2\/pages\/714"}],"wp:attachment":[{"href":"https:\/\/blog.zhdk.ch\/zh4k\/wp-json\/wp\/v2\/media?parent=756"}],"curies":[{"name":"wp","href":"https:\/\/api.w.org\/{rel}","templated":true}]}}