{"id":762,"date":"2015-06-28T17:13:13","date_gmt":"2015-06-28T17:13:13","guid":{"rendered":"https:\/\/blog.zhdk.ch\/zh4k\/?page_id=762"},"modified":"2015-07-01T12:44:22","modified_gmt":"2015-07-01T12:44:22","slug":"city-as-a-library-of-emoticons","status":"publish","type":"page","link":"https:\/\/blog.zhdk.ch\/zh4k\/exhibition-connecting-space\/arbeiten-artworks\/city-as-a-library-of-emoticons\/","title":{"rendered":"City as a Library of Emoti(c)ons"},"content":{"rendered":"<div class=\"page\" title=\"Page 7\">\n<div class=\"layoutArea\">\n<div class=\"column\">\n<p>Bei\u00a0diesem Projekt begann ich mit der Produktion zyklischer \u00bbNeurolabien\u00ab audiovisueller Reflexionen \u00fcber gegenw\u00e4rtiges Kulturleben in k\u00fcnstlichen Kontexten: Liebe, Feuer, Fleisch und Stein (LFFS). Das Ziel ist 96 Video-Sequenzen \u00e0 je 15 Minuten L\u00e4nge zu machen, die zusammen einen Loop von 24 Stunden bilden. Jede Sequenz bezieht sich auf eine andere\u00a0Viertelstunde des Tages. Die ersten F\u00fcnf werden\u00a0im Connecting Space gezeigt:<\/p>\n<p><strong>With this project I started to produce a cyclic \u00bbneurolabium\u00ab of audiovisual reflection about contemporary culture of living in artificial contexts: Love, Fire, Flesh and Stone (LFFS). The aim is to produce 96 videotracks of 15 minutes length each to complete a loop of 24 hours. Each track is related to a specific quarter\u00a0of an hour of the day. The first five tracks are shown in Connecting Space Hong Kong:<\/strong><\/p>\n<p>&nbsp;<\/p>\n<p>08:45 \u2013 LFFS #1<br \/>\nApocalypse and Redemption. Travelling I<\/p>\n<p>19:45 \u2013 LFFS #2<br \/>\nFire, Flesh and Stone. Dancing around the Fire<\/p>\n<p>01:15 \u2013 LFFS #3<br \/>\nHURT. Amateurish song cover<\/p>\n<p>22:15 \u2013 LFFS #4<br \/>\nGhosts in Bottles. Travelling II: Hyperculture, Stratosphere, Quantum Theory and Desert History<\/p>\n<p>16:30 \u2013 LFFS #5<br \/>\nUTOPOLIS. Re-Developping the \u201eLand-Lord\u2019s-Game\u201c: Human Habitat \u2013 Social Value \u2013 Return on Investment.<\/p>\n<p>Tobias Markus Strebel<\/p>\n<\/div>\n<\/div>\n<\/div>\n","protected":false},"excerpt":{"rendered":"<p>Bei\u00a0diesem Projekt begann ich mit der Produktion zyklischer \u00bbNeurolabien\u00ab audiovisueller Reflexionen \u00fcber gegenw\u00e4rtiges Kulturleben in k\u00fcnstlichen Kontexten: Liebe, Feuer, Fleisch und Stein (LFFS). Das Ziel ist 96 Video-Sequenzen \u00e0 je 15 Minuten L\u00e4nge zu machen, die zusammen einen Loop von [&hellip;]<\/p>\n","protected":false},"author":2700,"featured_media":0,"parent":714,"menu_order":0,"comment_status":"open","ping_status":"open","template":"","meta":{"footnotes":""},"class_list":["post-762","page","type-page","status-publish","hentry","dwtl normal"],"_links":{"self":[{"href":"https:\/\/blog.zhdk.ch\/zh4k\/wp-json\/wp\/v2\/pages\/762","targetHints":{"allow":["GET"]}}],"collection":[{"href":"https:\/\/blog.zhdk.ch\/zh4k\/wp-json\/wp\/v2\/pages"}],"about":[{"href":"https:\/\/blog.zhdk.ch\/zh4k\/wp-json\/wp\/v2\/types\/page"}],"author":[{"embeddable":true,"href":"https:\/\/blog.zhdk.ch\/zh4k\/wp-json\/wp\/v2\/users\/2700"}],"replies":[{"embeddable":true,"href":"https:\/\/blog.zhdk.ch\/zh4k\/wp-json\/wp\/v2\/comments?post=762"}],"version-history":[{"count":5,"href":"https:\/\/blog.zhdk.ch\/zh4k\/wp-json\/wp\/v2\/pages\/762\/revisions"}],"predecessor-version":[{"id":1042,"href":"https:\/\/blog.zhdk.ch\/zh4k\/wp-json\/wp\/v2\/pages\/762\/revisions\/1042"}],"up":[{"embeddable":true,"href":"https:\/\/blog.zhdk.ch\/zh4k\/wp-json\/wp\/v2\/pages\/714"}],"wp:attachment":[{"href":"https:\/\/blog.zhdk.ch\/zh4k\/wp-json\/wp\/v2\/media?parent=762"}],"curies":[{"name":"wp","href":"https:\/\/api.w.org\/{rel}","templated":true}]}}