{"id":425,"date":"2014-05-16T17:07:19","date_gmt":"2014-05-16T15:07:19","guid":{"rendered":"https:\/\/blog.zhdk.ch\/zmoduletelematic\/?page_id=425"},"modified":"2014-09-26T09:06:11","modified_gmt":"2014-09-26T07:06:11","slug":"mitwirkende","status":"publish","type":"page","link":"https:\/\/blog.zhdk.ch\/zmoduletelematic\/z-module-telematic-ii-2\/mitwirkende\/","title":{"rendered":"Mitwirkende"},"content":{"rendered":"<p><strong>Studierende:<\/strong><br \/>\n<strong>Bern<\/strong><\/p>\n<blockquote><p>Marie Delpraz, Blockfl\u00f6ten<\/p>\n<blockquote><p>Noemi Brun, Piano<\/p><\/blockquote>\n<blockquote><p>Henri Dessaussure, Live Elektronik<\/p><\/blockquote>\n<p><strong>Leitung:<\/strong> <a href=\"http:\/\/www.franziskabaumann.ch\/de\/\">Franziska Baumann<\/a><br \/>\n<strong>Technik: <\/strong><a href=\"http:\/\/www.hkb.bfh.ch\/de\/hkb\/ueber-uns\/dozierende-und-mitarbeitende\/?tx_feuserlisting_pi1[showUid]=1814\">Hugo Ryser<\/a> <\/p>\n<p><\/p>\n<p><strong>Studierende:<br \/>\nZ\u00fcrich<\/strong><\/p>\n<blockquote><p>Rosanna Z\u00fcnd \u00a0\u00a0\u00a0\u00a0\u00a0\u00a0\u00a0\u00a0\u00a0\u00a0\u00a0\u00a0\u00a0\u00a0\u00a0\u00a0\u00a0\u00a0\u00a0    Komposition\/Klavier<\/p><\/blockquote>\n<blockquote><p>Mischa Frey \u00a0\u00a0\u00a0\u00a0\u00a0\u00a0\u00a0\u00a0\u00a0\u00a0\u00a0\u00a0\u00a0\u00a0\u00a0\u00a0\u00a0\u00a0     \u00a0Kontrabass<\/p><\/blockquote>\n<blockquote><p>Julie Stier \u00a0\u00a0\u00a0\u00a0\u00a0\u00a0\u00a0\u00a0\u00a0\u00a0\u00a0\u00a0\u00a0\u00a0\u00a0\u00a0\u00a0\u00a0\u00a0\u00a0\u00a0\u00a0\u00a0 Violoncello<\/p><\/blockquote>\n<blockquote><p>Lukas Senn \u00a0\u00a0\u00a0\u00a0\u00a0\u00a0\u00a0\u00a0\u00a0\u00a0\u00a0\u00a0\u00a0\u00a0\u00a0\u00a0\u00a0\u00a0\u00a0\u00a0\u00a0\u00a0\u00a0\u00a0 Klavier<\/p><\/blockquote>\n<blockquote><p>Mirella Steiner \u00a0\u00a0\u00a0\u00a0\u00a0\u00a0\u00a0\u00a0\u00a0\u00a0\u00a0\u00a0\u00a0\u00a0\u00a0\u00a0\u00a0   Violoncello<\/p><\/blockquote>\n<blockquote><p>Janic Sarott \u00a0\u00a0\u00a0\u00a0\u00a0\u00a0\u00a0\u00a0\u00a0\u00a0\u00a0\u00a0\u00a0\u00a0\u00a0\u00a0\u00a0\u00a0\u00a0\u00a0\u00a0\u00a0 Perkussion<\/p><\/blockquote>\n<blockquote><p>Fabian Klausberger \u00a0\u00a0\u00a0\u00a0\u00a0\u00a0\u00a0\u00a0\u00a0\u00a0       Klavier<\/p><\/blockquote>\n<p>&nbsp;<\/p>\n<h4><strong>G\u00e4ste:<\/strong> Joachim Flu\u0308eler \/ <a href=\"http:\/\/www.vogtenhuber.com\">Raimund Vogtenhuber<\/a><\/h4>\n<p>&nbsp;<\/p>\n<p><strong>Impro&amp;Kompositon:<\/strong> <a href=\"http:\/\/www.matthias-ziegler.ch\/deutsch\/aktuell\/index.html\">Matthias Ziegler<\/a><\/p>\n<p><strong>Video: <\/strong><a href=\"http:\/\/www.hkb.bfh.ch\/de\/hkb\/ueber-uns\/dozierende-und-mitarbeitende\/?tx_feuserlisting_pi1[showUid]=1814\">Hugo Ryser<\/a> \/ <a href=\"http:\/\/www.bildstoerung.ch\">Ben Burger<\/a> \/ <a href=\"http:\/\/www.bildstoerung.ch\">Joel de Giovanni<\/a><\/p>\n<p><strong>Audiotechnik: <\/strong><a href=\"http:\/\/www.montonrecords.com\/\">Simon K\u00f6nz<\/a><\/p>\n<p><strong>Leitung:<\/strong>\u00a0 Matthias Ziegler, Johannes Sch\u00fctt<\/p><\/blockquote>\n","protected":false},"excerpt":{"rendered":"<p>Studierende: Bern Marie Delpraz, Blockfl\u00f6ten Noemi Brun, Piano Henri Dessaussure, Live Elektronik Leitung: Franziska Baumann Technik: Hugo Ryser Studierende: Z\u00fcrich Rosanna Z\u00fcnd \u00a0\u00a0\u00a0\u00a0\u00a0\u00a0\u00a0\u00a0\u00a0\u00a0\u00a0\u00a0\u00a0\u00a0\u00a0\u00a0\u00a0\u00a0\u00a0 Komposition\/Klavier Mischa Frey \u00a0\u00a0\u00a0\u00a0\u00a0\u00a0\u00a0\u00a0\u00a0\u00a0\u00a0\u00a0\u00a0\u00a0\u00a0\u00a0\u00a0\u00a0 \u00a0Kontrabass Julie Stier \u00a0\u00a0\u00a0\u00a0\u00a0\u00a0\u00a0\u00a0\u00a0\u00a0\u00a0\u00a0\u00a0\u00a0\u00a0\u00a0\u00a0\u00a0\u00a0\u00a0\u00a0\u00a0\u00a0 Violoncello Lukas Senn \u00a0\u00a0\u00a0\u00a0\u00a0\u00a0\u00a0\u00a0\u00a0\u00a0\u00a0\u00a0\u00a0\u00a0\u00a0\u00a0\u00a0\u00a0\u00a0\u00a0\u00a0\u00a0\u00a0\u00a0 Klavier Mirella Steiner \u00a0\u00a0\u00a0\u00a0\u00a0\u00a0\u00a0\u00a0\u00a0\u00a0\u00a0\u00a0\u00a0\u00a0\u00a0\u00a0\u00a0 Violoncello &hellip; <a href=\"https:\/\/blog.zhdk.ch\/zmoduletelematic\/z-module-telematic-ii-2\/mitwirkende\/\">Weiterlesen <span class=\"meta-nav\">&rarr;<\/span><\/a><\/p>\n","protected":false},"author":78,"featured_media":0,"parent":419,"menu_order":1,"comment_status":"open","ping_status":"open","template":"","meta":{"ngg_post_thumbnail":0,"footnotes":""},"class_list":["post-425","page","type-page","status-publish","hentry"],"_links":{"self":[{"href":"https:\/\/blog.zhdk.ch\/zmoduletelematic\/wp-json\/wp\/v2\/pages\/425","targetHints":{"allow":["GET"]}}],"collection":[{"href":"https:\/\/blog.zhdk.ch\/zmoduletelematic\/wp-json\/wp\/v2\/pages"}],"about":[{"href":"https:\/\/blog.zhdk.ch\/zmoduletelematic\/wp-json\/wp\/v2\/types\/page"}],"author":[{"embeddable":true,"href":"https:\/\/blog.zhdk.ch\/zmoduletelematic\/wp-json\/wp\/v2\/users\/78"}],"replies":[{"embeddable":true,"href":"https:\/\/blog.zhdk.ch\/zmoduletelematic\/wp-json\/wp\/v2\/comments?post=425"}],"version-history":[{"count":26,"href":"https:\/\/blog.zhdk.ch\/zmoduletelematic\/wp-json\/wp\/v2\/pages\/425\/revisions"}],"predecessor-version":[{"id":1111,"href":"https:\/\/blog.zhdk.ch\/zmoduletelematic\/wp-json\/wp\/v2\/pages\/425\/revisions\/1111"}],"up":[{"embeddable":true,"href":"https:\/\/blog.zhdk.ch\/zmoduletelematic\/wp-json\/wp\/v2\/pages\/419"}],"wp:attachment":[{"href":"https:\/\/blog.zhdk.ch\/zmoduletelematic\/wp-json\/wp\/v2\/media?parent=425"}],"curies":[{"name":"wp","href":"https:\/\/api.w.org\/{rel}","templated":true}]}}